CRAN Package Check Results for Package tidyverse

Last updated on 2024-07-23 21:49:14 CEST.

Flavor Version Tinstall Tcheck Ttotal Status Flags
r-devel-linux-x86_64-debian-clang 2.0.0 7.90 59.59 67.49 OK
r-devel-linux-x86_64-debian-gcc 2.0.0 5.54 45.15 50.69 OK
r-devel-linux-x86_64-fedora-clang 2.0.0 90.42 NOTE
r-devel-linux-x86_64-fedora-gcc 2.0.0 95.50 OK
r-devel-windows-x86_64 2.0.0 7.00 68.00 75.00 OK
r-patched-linux-x86_64 2.0.0 5.58 57.71 63.29 OK
r-release-linux-x86_64 2.0.0 4.38 55.95 60.33 OK
r-release-macos-arm64 2.0.0 36.00 OK
r-release-macos-x86_64 2.0.0 51.00 OK
r-release-windows-x86_64 2.0.0 7.00 67.00 74.00 OK
r-oldrel-macos-arm64 2.0.0 37.00 OK
r-oldrel-macos-x86_64 2.0.0 59.00 OK
r-oldrel-windows-x86_64 2.0.0 9.00 74.00 83.00 OK

Check Details

Version: 2.0.0
Check: package dependencies
Result: NOTE Imports includes 30 non-default packages. Importing from so many packages makes the package vulnerable to any of them becoming unavailable. Move as many as possible to Suggests and use conditionally. Flavor: r-devel-linux-x86_64-fedora-clang