CRAN Package Check Results for Package tidyverse

Last updated on 2021-10-24 20:51:20 CEST.

Flavor Version Tinstall Tcheck Ttotal Status Flags
r-devel-linux-x86_64-debian-clang 1.3.1 9.32 86.74 96.06 OK
r-devel-linux-x86_64-debian-gcc 1.3.1 8.00 64.74 72.74 OK
r-devel-linux-x86_64-fedora-clang 1.3.1 123.49 NOTE
r-devel-linux-x86_64-fedora-gcc 1.3.1 117.46 NOTE
r-devel-windows-x86_64 1.3.1 17.00 120.00 137.00 OK
r-devel-windows-x86_64-gcc10-UCRT 1.3.1 NOTE
r-patched-linux-x86_64 1.3.1 10.66 82.45 93.11 OK
r-patched-solaris-x86 1.3.1 157.50 NOTE
r-release-linux-x86_64 1.3.1 6.97 82.42 89.39 OK
r-release-macos-arm64 1.3.1 NOTE
r-release-macos-x86_64 1.3.1 NOTE
r-release-windows-ix86+x86_64 1.3.1 16.00 101.00 117.00 OK
r-oldrel-macos-x86_64 1.3.1 NOTE
r-oldrel-windows-ix86+x86_64 1.3.1 25.00 109.00 134.00 OK

Check Details

Version: 1.3.1
Check: package dependencies
Result: NOTE
    Imports includes 29 non-default packages.
    Importing from so many packages makes the package vulnerable to any of
    them becoming unavailable. Move as many as possible to Suggests and
    use conditionally.
Flavor: r-devel-linux-x86_64-fedora-clang

Version: 1.3.1
Check: dependencies in R code
Result: NOTE
    Namespaces in Imports field not imported from:
     ‘dtplyr’ ‘googledrive’ ‘googlesheets4’
     All declared Imports should be used.
Flavors: r-devel-linux-x86_64-fedora-clang, r-devel-linux-x86_64-fedora-gcc, r-devel-windows-x86_64-gcc10-UCRT, r-patched-solaris-x86, r-release-macos-arm64, r-release-macos-x86_64, r-oldrel-macos-x86_64