CRAN Package Check Results for Package tilegramsR

Last updated on 2021-12-03 19:50:31 CET.

Flavor Version Tinstall Tcheck Ttotal Status Flags
r-devel-linux-x86_64-debian-clang 0.2.0 5.63 60.47 66.10 OK
r-devel-linux-x86_64-debian-gcc 0.2.0 3.62 45.13 48.75 OK
r-devel-linux-x86_64-fedora-clang 0.2.0 95.38 NOTE
r-devel-linux-x86_64-fedora-gcc 0.2.0 77.16 NOTE
r-devel-windows-x86_64-new-UL 0.2.0 18.00 106.00 124.00 OK
r-devel-windows-x86_64-new-TK 0.2.0 NOTE
r-devel-windows-x86_64-old 0.2.0 11.00 62.00 73.00 OK
r-patched-linux-x86_64 0.2.0 6.05 56.43 62.48 OK
r-release-linux-x86_64 0.2.0 5.04 55.90 60.94 OK
r-release-macos-arm64 0.2.0 NOTE
r-release-macos-x86_64 0.2.0 NOTE
r-release-windows-ix86+x86_64 0.2.0 16.00 81.00 97.00 OK
r-oldrel-macos-x86_64 0.2.0 NOTE
r-oldrel-windows-ix86+x86_64 0.2.0 15.00 99.00 114.00 OK

Check Details

Version: 0.2.0
Check: dependencies in R code
Result: NOTE
    Namespace in Imports field not imported from: ‘sp’
     All declared Imports should be used.
Flavors: r-devel-linux-x86_64-fedora-clang, r-devel-linux-x86_64-fedora-gcc, r-devel-windows-x86_64-new-TK, r-release-macos-arm64, r-release-macos-x86_64, r-oldrel-macos-x86_64

Version: 0.2.0
Check: data for non-ASCII characters
Result: NOTE
     Note: found 341 marked UTF-8 strings
Flavors: r-devel-linux-x86_64-fedora-clang, r-devel-linux-x86_64-fedora-gcc, r-devel-windows-x86_64-new-TK, r-release-macos-arm64, r-release-macos-x86_64, r-oldrel-macos-x86_64