CRAN Package Check Results for Package tilemaps

Last updated on 2021-02-28 19:48:14 CET.

Flavor Version Tinstall Tcheck Ttotal Status Flags
r-devel-linux-x86_64-debian-clang 0.2.0 OK
r-devel-linux-x86_64-debian-gcc 0.2.0 2.51 103.48 105.99 OK
r-devel-linux-x86_64-fedora-clang 0.2.0 173.09 NOTE
r-devel-linux-x86_64-fedora-gcc 0.2.0 161.39 NOTE
r-devel-windows-ix86+x86_64 0.2.0 5.00 162.00 167.00 OK
r-patched-linux-x86_64 0.2.0 3.06 138.58 141.64 OK
r-patched-solaris-x86 0.2.0 213.50 NOTE
r-release-linux-x86_64 0.2.0 3.32 127.97 131.29 OK
r-release-macos-x86_64 0.2.0 NOTE
r-release-windows-ix86+x86_64 0.2.0 8.00 181.00 189.00 OK
r-oldrel-macos-x86_64 0.2.0 NOTE
r-oldrel-windows-ix86+x86_64 0.2.0 4.00 165.00 169.00 OK

Check Details

Version: 0.2.0
Check: dependencies in R code
Result: NOTE
    Namespace in Imports field not imported from: ‘lwgeom’
     All declared Imports should be used.
Flavors: r-devel-linux-x86_64-fedora-clang, r-devel-linux-x86_64-fedora-gcc, r-patched-solaris-x86, r-release-macos-x86_64, r-oldrel-macos-x86_64