CRAN Package Check Results for Package timetree

Last updated on 2021-04-21 21:50:15 CEST.

Flavor Version Tinstall Tcheck Ttotal Status Flags
r-devel-linux-x86_64-debian-clang 1.0 8.89 84.34 93.23 NOTE
r-devel-linux-x86_64-debian-gcc 1.0 7.27 65.14 72.41 NOTE
r-devel-linux-x86_64-fedora-clang 1.0 118.83 NOTE
r-devel-linux-x86_64-fedora-gcc 1.0 115.67 NOTE
r-devel-windows-ix86+x86_64 1.0 20.00 102.00 122.00 NOTE
r-devel-windows-x86_64-gcc10-UCRT 1.0 NOTE
r-patched-linux-x86_64 1.0 9.43 80.71 90.14 NOTE
r-patched-solaris-x86 1.0 177.10 NOTE
r-release-linux-x86_64 1.0 7.90 78.09 85.99 NOTE
r-release-macos-x86_64 1.0 NOTE
r-release-windows-ix86+x86_64 1.0 22.00 111.00 133.00 NOTE
r-oldrel-macos-x86_64 1.0 NOTE
r-oldrel-windows-ix86+x86_64 1.0 38.00 99.00 137.00 NOTE

Check Details

Version: 1.0
Check: R code for possible problems
Result: NOTE
    author.search: no visible binding for global variable 'na.omit'
    reference.list: no visible global function definition for 'na.omit'
    Undefined global functions or variables:
     na.omit
    Consider adding
     importFrom("stats", "na.omit")
    to your NAMESPACE file.
Flavors: r-devel-linux-x86_64-debian-clang, r-devel-linux-x86_64-debian-gcc, r-devel-linux-x86_64-fedora-clang, r-devel-linux-x86_64-fedora-gcc, r-devel-windows-ix86+x86_64, r-devel-windows-x86_64-gcc10-UCRT, r-patched-linux-x86_64, r-patched-solaris-x86, r-release-linux-x86_64, r-release-macos-x86_64, r-release-windows-ix86+x86_64, r-oldrel-macos-x86_64, r-oldrel-windows-ix86+x86_64