Last updated on 2023-02-01 19:54:24 CET.
Flavor | Version | Tinstall | Tcheck | Ttotal | Status | Flags |
---|---|---|---|---|---|---|
r-devel-linux-x86_64-debian-clang | 0.0.12 | 208.81 | 145.55 | 354.36 | NOTE | |
r-devel-linux-x86_64-debian-gcc | 0.0.12 | 159.75 | 114.33 | 274.08 | NOTE | |
r-devel-linux-x86_64-fedora-clang | 0.0.12 | 441.34 | NOTE | |||
r-devel-linux-x86_64-fedora-gcc | 0.0.12 | 513.17 | NOTE | |||
r-patched-linux-x86_64 | 0.0.12 | 171.81 | 144.22 | 316.03 | NOTE | |
r-release-linux-x86_64 | 0.0.12 | 170.17 | 154.34 | 324.51 | NOTE | |
r-release-macos-arm64 | 0.0.12 | 101.00 | NOTE | |||
r-release-macos-x86_64 | 0.0.12 | 168.00 | NOTE | |||
r-release-windows-x86_64 | 0.0.12 | 173.00 | 238.00 | 411.00 | NOTE | |
r-oldrel-macos-arm64 | 0.0.12 | 93.00 | NOTE | |||
r-oldrel-macos-x86_64 | 0.0.12 | 172.00 | NOTE | |||
r-oldrel-windows-ix86+x86_64 | 0.0.12 | 380.00 | 292.00 | 672.00 | NOTE |
Version: 0.0.12
Check: C++ specification
Result: NOTE
Specified C++14: please update to current default of C++17
Flavors: r-devel-linux-x86_64-debian-clang, r-devel-linux-x86_64-debian-gcc, r-devel-linux-x86_64-fedora-clang, r-devel-linux-x86_64-fedora-gcc
Version: 0.0.12
Check: for GNU extensions in Makefiles
Result: NOTE
GNU make is a SystemRequirements.
Flavors: r-devel-linux-x86_64-debian-clang, r-devel-linux-x86_64-debian-gcc, r-devel-linux-x86_64-fedora-clang, r-devel-linux-x86_64-fedora-gcc, r-patched-linux-x86_64, r-release-linux-x86_64, r-release-macos-arm64, r-release-macos-x86_64, r-release-windows-x86_64, r-oldrel-macos-arm64, r-oldrel-macos-x86_64, r-oldrel-windows-ix86+x86_64
Version: 0.0.12
Check: installed package size
Result: NOTE
installed size is 7.0Mb
sub-directories of 1Mb or more:
doc 1.9Mb
libs 3.0Mb
Flavors: r-devel-linux-x86_64-fedora-clang, r-release-macos-arm64, r-release-macos-x86_64, r-release-windows-x86_64, r-oldrel-macos-arm64, r-oldrel-macos-x86_64, r-oldrel-windows-ix86+x86_64
Version: 0.0.12
Check: dependencies in R code
Result: NOTE
Namespace in Imports field not imported from: ‘sp’
All declared Imports should be used.
Flavors: r-devel-linux-x86_64-fedora-clang, r-devel-linux-x86_64-fedora-gcc
Version: 0.0.12
Check: data for non-ASCII characters
Result: NOTE
Note: found 1 marked UTF-8 string
Flavors: r-devel-linux-x86_64-fedora-clang, r-devel-linux-x86_64-fedora-gcc