CRAN Package Check Results for Package tkrplot

Last updated on 2021-04-21 21:50:16 CEST.

Flavor Version Tinstall Tcheck Ttotal Status Flags
r-devel-linux-x86_64-debian-clang 0.0-25 2.92 23.79 26.71 NOTE
r-devel-linux-x86_64-debian-gcc 0.0-25 2.47 19.66 22.13 NOTE
r-devel-linux-x86_64-fedora-clang 0.0-25 44.32 NOTE
r-devel-linux-x86_64-fedora-gcc 0.0-25 35.48 NOTE
r-devel-windows-ix86+x86_64 0.0-25 14.00 45.00 59.00 OK
r-devel-windows-x86_64-gcc10-UCRT 0.0-25 OK
r-patched-linux-x86_64 0.0-25 3.06 23.83 26.89 NOTE
r-patched-solaris-x86 0.0-25 50.30 NOTE
r-release-linux-x86_64 0.0-25 2.93 24.18 27.11 NOTE
r-release-macos-x86_64 0.0-25 OK
r-release-windows-ix86+x86_64 0.0-25 9.00 34.00 43.00 OK
r-oldrel-macos-x86_64 0.0-25 WARN
r-oldrel-windows-ix86+x86_64 0.0-25 6.00 33.00 39.00 OK

Check Details

Version: 0.0-25
Check: R code for possible problems
Result: NOTE
    Found an obsolete/platform-specific call in the following function:
     '.my.tkdev'
    Found the platform-specific device:
     'X11'
    dev.new() is the preferred way to open a new device, in the unlikely
    event one is needed.
Flavors: r-devel-linux-x86_64-debian-clang, r-devel-linux-x86_64-debian-gcc, r-devel-linux-x86_64-fedora-clang, r-devel-linux-x86_64-fedora-gcc, r-patched-linux-x86_64, r-patched-solaris-x86, r-release-linux-x86_64

Version: 0.0-25
Check: whether package can be installed
Result: WARN
    Found the following significant warnings:
     Warning: loading Rplot failed
Flavor: r-oldrel-macos-x86_64

Version: 0.0-25
Check: whether the namespace can be loaded with stated dependencies
Result: NOTE
    No protocol specified
    No protocol specified
    No protocol specified
    No protocol specified
    Warning: loading Rplot failed
    
    A namespace must be able to be loaded with just the base namespace
    loaded: otherwise if the namespace gets loaded by a saved object, the
    session will be unable to start.
    
    Probably some imports need to be declared in the NAMESPACE file.
Flavor: r-oldrel-macos-x86_64

Version: 0.0-25
Check: dependencies in R code
Result: NOTE
    No protocol specified
    No protocol specified
    No protocol specified
    No protocol specified
Flavor: r-oldrel-macos-x86_64

Version: 0.0-25
Check: S3 generic/method consistency
Result: WARN
    No protocol specified
    No protocol specified
    No protocol specified
    No protocol specified
    See section ‘Generic functions and methods’ in the ‘Writing R
    Extensions’ manual.
Flavor: r-oldrel-macos-x86_64

Version: 0.0-25
Check: replacement functions
Result: WARN
    No protocol specified
    No protocol specified
    No protocol specified
    No protocol specified
    The argument of a replacement function which corresponds to the right
    hand side must be named ‘value’.
Flavor: r-oldrel-macos-x86_64

Version: 0.0-25
Check: foreign function calls
Result: NOTE
    No protocol specified
    No protocol specified
    No protocol specified
    No protocol specified
    See chapter ‘System and foreign language interfaces’ in the ‘Writing R
    Extensions’ manual.
Flavor: r-oldrel-macos-x86_64

Version: 0.0-25
Check: R code for possible problems
Result: NOTE
    No protocol specified
    No protocol specified
    No protocol specified
    No protocol specified
Flavor: r-oldrel-macos-x86_64

Version: 0.0-25
Check: for missing documentation entries
Result: WARN
    No protocol specified
    No protocol specified
    No protocol specified
    No protocol specified
    All user-level objects in a package should have documentation entries.
    See chapter ‘Writing R documentation files’ in the ‘Writing R
    Extensions’ manual.
Flavor: r-oldrel-macos-x86_64

Version: 0.0-25
Check: for code/documentation mismatches
Result: WARN
    No protocol specified
    No protocol specified
    No protocol specified
    No protocol specified
    No protocol specified
    No protocol specified
    No protocol specified
    No protocol specified
    No protocol specified
    No protocol specified
    No protocol specified
    No protocol specified
Flavor: r-oldrel-macos-x86_64

Version: 0.0-25
Check: Rd \usage sections
Result: NOTE
    No protocol specified
    No protocol specified
    No protocol specified
    No protocol specified
    The \usage entries for S3 methods should use the \method markup and not
    their full name.
    See chapter ‘Writing R documentation files’ in the ‘Writing R
    Extensions’ manual.
Flavor: r-oldrel-macos-x86_64