CRAN Package Check Results for Package tm.plugin.koRpus

Last updated on 2024-05-23 21:50:57 CEST.

Flavor Version Tinstall Tcheck Ttotal Status Flags
r-devel-linux-x86_64-debian-clang 0.4-2 20.15 124.97 145.12 NOTE
r-devel-linux-x86_64-debian-gcc 0.4-2 18.54 93.31 111.85 NOTE
r-devel-linux-x86_64-fedora-clang 0.4-2 192.33 NOTE
r-devel-linux-x86_64-fedora-gcc 0.4-2 193.22 NOTE
r-devel-windows-x86_64 0.4-2 18.00 112.00 130.00 NOTE
r-patched-linux-x86_64 0.4-2 25.14 94.94 120.08 NOTE
r-release-linux-x86_64 0.4-2 23.88 121.98 145.86 NOTE
r-release-macos-arm64 0.4-2 52.00 NOTE
r-release-windows-x86_64 0.4-2 19.00 116.00 135.00 NOTE
r-oldrel-macos-arm64 0.4-2 56.00 OK
r-oldrel-macos-x86_64 0.4-2 92.00 OK
r-oldrel-windows-x86_64 0.4-2 25.00 134.00 159.00 OK

Check Details

Version: 0.4-2
Check: Rd files
Result: NOTE checkRd: (-1) kRp.corpus.Rd:39: Lost braces in \itemize; meant \describe ? checkRd: (-1) kRp.corpus.Rd:40: Lost braces in \itemize; meant \describe ? checkRd: (-1) kRp.corpus.Rd:41: Lost braces in \itemize; meant \describe ? checkRd: (-1) kRp.corpus.Rd:42: Lost braces in \itemize; meant \describe ? checkRd: (-1) kRp.corpus.Rd:43-44: Lost braces in \itemize; meant \describe ? checkRd: (-1) kRp.corpus.Rd:45-47: Lost braces in \itemize; meant \describe ? checkRd: (-1) kRp.corpus.Rd:48-49: Lost braces in \itemize; meant \describe ? checkRd: (-1) kRp.corpus.Rd:50-52: Lost braces in \itemize; meant \describe ? checkRd: (-1) kRp.corpus.Rd:53-54: Lost braces in \itemize; meant \describe ? checkRd: (-1) kRp.corpus.Rd:55-56: Lost braces in \itemize; meant \describe ? checkRd: (-1) kRp.corpus_get-methods.Rd:271: Lost braces in \itemize; meant \describe ? checkRd: (-1) kRp.corpus_get-methods.Rd:272: Lost braces in \itemize; meant \describe ? checkRd: (-1) kRp.corpus_get-methods.Rd:273-274: Lost braces in \itemize; meant \describe ? checkRd: (-1) kRp.corpus_get-methods.Rd:273: Lost braces 273 | \item{\code{hasFeature()} }{returns \code{TRUE} or code{FALSE}, | ^ checkRd: (-1) kRp.corpus_get-methods.Rd:275: Lost braces in \itemize; meant \describe ? checkRd: (-1) kRp.corpus_get-methods.Rd:276: Lost braces in \itemize; meant \describe ? checkRd: (-1) kRp.corpus_get-methods.Rd:277: Lost braces in \itemize; meant \describe ? checkRd: (-1) kRp.corpus_get-methods.Rd:278: Lost braces in \itemize; meant \describe ? checkRd: (-1) kRp.corpus_get-methods.Rd:279: Lost braces in \itemize; meant \describe ? checkRd: (-1) kRp.corpus_get-methods.Rd:280: Lost braces in \itemize; meant \describe ? checkRd: (-1) kRp.corpus_get-methods.Rd:281: Lost braces in \itemize; meant \describe ? checkRd: (-1) kRp.corpus_get-methods.Rd:282: Lost braces in \itemize; meant \describe ? checkRd: (-1) kRp.corpus_get-methods.Rd:283: Lost braces in \itemize; meant \describe ? checkRd: (-1) kRp.corpus_get-methods.Rd:284: Lost braces in \itemize; meant \describe ? checkRd: (-1) kRp.corpus_get-methods.Rd:285: Lost braces in \itemize; meant \describe ? checkRd: (-1) kRp.corpus_get-methods.Rd:286: Lost braces in \itemize; meant \describe ? checkRd: (-1) kRp.corpus_get-methods.Rd:287: Lost braces in \itemize; meant \describe ? checkRd: (-1) kRp.corpus_get-methods.Rd:288: Lost braces in \itemize; meant \describe ? checkRd: (-1) kRp.corpus_get-methods.Rd:289: Lost braces in \itemize; meant \describe ? checkRd: (-1) kRp.corpus_get-methods.Rd:290-291: Lost braces in \itemize; meant \describe ? checkRd: (-1) kRp.corpus_get-methods.Rd:292-293: Lost braces in \itemize; meant \describe ? Flavors: r-devel-linux-x86_64-debian-clang, r-devel-linux-x86_64-debian-gcc, r-devel-linux-x86_64-fedora-clang, r-devel-linux-x86_64-fedora-gcc, r-devel-windows-x86_64, r-patched-linux-x86_64, r-release-linux-x86_64, r-release-macos-arm64, r-release-windows-x86_64