CRAN Package Check Results for Package tm1r

Last updated on 2021-12-08 19:51:53 CET.

Flavor Version Tinstall Tcheck Ttotal Status Flags
r-devel-linux-x86_64-debian-clang 1.1.8 3.17 34.10 37.27 NOTE
r-devel-linux-x86_64-debian-gcc 1.1.8 2.75 28.14 30.89 NOTE
r-devel-linux-x86_64-fedora-clang 1.1.8 49.19 NOTE
r-devel-linux-x86_64-fedora-gcc 1.1.8 35.93 NOTE
r-devel-windows-x86_64-new-UL 1.1.8 11.00 59.00 70.00 NOTE
r-devel-windows-x86_64-new-TK 1.1.8 NOTE
r-devel-windows-x86_64-old 1.1.8 6.00 33.00 39.00 NOTE
r-patched-linux-x86_64 1.1.8 3.82 32.83 36.65 NOTE
r-release-linux-x86_64 1.1.8 3.10 33.00 36.10 NOTE
r-release-macos-arm64 1.1.8 NOTE
r-release-macos-x86_64 1.1.8 NOTE
r-release-windows-ix86+x86_64 1.1.8 5.00 46.00 51.00 NOTE
r-oldrel-macos-x86_64 1.1.8 OK
r-oldrel-windows-ix86+x86_64 1.1.8 7.00 45.00 52.00 OK

Check Details

Version: 1.1.8
Check: LazyData
Result: NOTE
     'LazyData' is specified without a 'data' directory
Flavors: r-devel-linux-x86_64-debian-clang, r-devel-linux-x86_64-debian-gcc, r-devel-linux-x86_64-fedora-clang, r-devel-linux-x86_64-fedora-gcc, r-devel-windows-x86_64-new-UL, r-devel-windows-x86_64-new-TK, r-devel-windows-x86_64-old, r-patched-linux-x86_64, r-release-linux-x86_64, r-release-macos-arm64, r-release-macos-x86_64, r-release-windows-ix86+x86_64