CRAN Package Check Results for Package tmcn

Last updated on 2022-05-26 21:50:20 CEST.

Flavor Version Tinstall Tcheck Ttotal Status Flags
r-devel-linux-x86_64-debian-clang 0.2-13 3.88 39.78 43.66 OK
r-devel-linux-x86_64-debian-gcc 0.2-13 3.17 32.00 35.17 OK
r-devel-linux-x86_64-fedora-clang 0.2-13 50.47 NOTE
r-devel-linux-x86_64-fedora-gcc 0.2-13 39.24 NOTE
r-devel-windows-x86_64 0.2-13 30.00 58.00 88.00 OK
r-patched-linux-x86_64 0.2-13 3.63 35.82 39.45 OK
r-release-linux-x86_64 0.2-13 3.54 36.04 39.58 OK
r-release-macos-arm64 0.2-13 17.00 NOTE
r-release-macos-x86_64 0.2-13 29.00 NOTE
r-release-windows-x86_64 0.2-13 26.00 57.00 83.00 OK
r-oldrel-macos-arm64 0.2-13 26.00 NOTE
r-oldrel-macos-x86_64 0.2-13 35.00 NOTE
r-oldrel-windows-ix86+x86_64 0.2-13 13.00 67.00 80.00 OK

Check Details

Version: 0.2-13
Check: data for non-ASCII characters
Result: NOTE
     Note: found 134043 marked UTF-8 strings
Flavors: r-devel-linux-x86_64-fedora-clang, r-devel-linux-x86_64-fedora-gcc, r-release-macos-arm64, r-release-macos-x86_64, r-oldrel-macos-arm64, r-oldrel-macos-x86_64