CRAN Package Check Results for Package tmle

Last updated on 2024-04-15 21:54:52 CEST.

Flavor Version Tinstall Tcheck Ttotal Status Flags
r-devel-linux-x86_64-debian-clang 2.0.0 9.36 91.05 100.41 NOTE
r-devel-linux-x86_64-debian-gcc 2.0.0 9.66 67.85 77.51 NOTE
r-devel-linux-x86_64-fedora-clang 2.0.0 126.69 NOTE
r-devel-linux-x86_64-fedora-gcc 2.0.0 121.69 NOTE
r-prerel-macos-arm64 2.0.0 37.00 NOTE
r-prerel-windows-x86_64 2.0.0 11.00 80.00 91.00 NOTE
r-patched-linux-x86_64 2.0.0 17.14 87.67 104.81 NOTE
r-release-linux-x86_64 2.0.0 11.39 90.42 101.81 OK
r-release-macos-arm64 2.0.0 38.00 OK
r-release-macos-x86_64 2.0.0 75.00 OK
r-release-windows-x86_64 2.0.0 14.00 96.00 110.00 OK
r-oldrel-macos-arm64 2.0.0 42.00 OK
r-oldrel-windows-x86_64 2.0.0 14.00 93.00 107.00 OK

Check Details

Version: 2.0.0
Check: Rd files
Result: NOTE checkRd: (-1) estimateQ.Rd:22: Lost braces 22 | \item{SL.library}{specification of prediction algorithms, default is {(\sQuote{SL.glm}, \sQuote{SL.glmnet}, \sQuote{tmle.SL.dbarts2})}. In practice, including more prediction algorithms in the library improves results.} | ^ checkRd: (-1) tmle.Sl.dbarts2.Rd:26: Lost braces 26 | \item{id}{id}{id to group observations, not used} | ^ checkRd: (-1) tmle.Sl.dbarts2.Rd:51: Lost braces 51 | {object}{an object of type tmle.SL.dbarts2 used internally by \code{Super Learner}} | ^ Flavors: r-devel-linux-x86_64-debian-clang, r-devel-linux-x86_64-debian-gcc, r-devel-linux-x86_64-fedora-clang, r-devel-linux-x86_64-fedora-gcc, r-prerel-macos-arm64, r-prerel-windows-x86_64, r-patched-linux-x86_64