CRAN Package Check Results for Package tmvmixnorm

Last updated on 2021-12-05 19:49:43 CET.

Flavor Version Tinstall Tcheck Ttotal Status Flags
r-devel-linux-x86_64-debian-clang 1.1.1 2.53 32.85 35.38 NOTE
r-devel-linux-x86_64-debian-gcc 1.1.1 2.12 26.96 29.08 NOTE
r-devel-linux-x86_64-fedora-clang 1.1.1 46.33 NOTE
r-devel-linux-x86_64-fedora-gcc 1.1.1 33.69 NOTE
r-devel-windows-x86_64-new-UL 1.1.1 7.00 61.00 68.00 NOTE
r-devel-windows-x86_64-new-TK 1.1.1 NOTE
r-devel-windows-x86_64-old 1.1.1 5.00 32.00 37.00 NOTE
r-patched-linux-x86_64 1.1.1 2.41 23.67 26.08 NOTE
r-release-linux-x86_64 1.1.1 2.41 31.69 34.10 NOTE
r-release-macos-arm64 1.1.1 NOTE
r-release-macos-x86_64 1.1.1 NOTE
r-release-windows-ix86+x86_64 1.1.1 6.00 39.00 45.00 NOTE
r-oldrel-macos-x86_64 1.1.1 OK
r-oldrel-windows-ix86+x86_64 1.1.1 9.00 42.00 51.00 OK

Check Details

Version: 1.1.1
Check: LazyData
Result: NOTE
     'LazyData' is specified without a 'data' directory
Flavors: r-devel-linux-x86_64-debian-clang, r-devel-linux-x86_64-debian-gcc, r-devel-linux-x86_64-fedora-clang, r-devel-linux-x86_64-fedora-gcc, r-devel-windows-x86_64-new-UL, r-devel-windows-x86_64-new-TK, r-devel-windows-x86_64-old, r-patched-linux-x86_64, r-release-linux-x86_64, r-release-macos-arm64, r-release-macos-x86_64, r-release-windows-ix86+x86_64