CRAN Package Check Results for Package tmvnsim

Last updated on 2022-05-27 21:51:36 CEST.

Flavor Version Tinstall Tcheck Ttotal Status Flags
r-devel-linux-x86_64-debian-clang 1.0-2 2.40 29.60 32.00 OK
r-devel-linux-x86_64-debian-gcc 1.0-2 1.85 22.77 24.62 OK
r-devel-linux-x86_64-fedora-clang 1.0-2 38.89 NOTE
r-devel-linux-x86_64-fedora-gcc 1.0-2 28.06 NOTE
r-devel-windows-x86_64 1.0-2 11.00 45.00 56.00 OK
r-patched-linux-x86_64 1.0-2 2.70 28.15 30.85 OK
r-release-linux-x86_64 1.0-2 2.13 28.07 30.20 OK
r-release-macos-arm64 1.0-2 17.00 OK
r-release-macos-x86_64 1.0-2 23.00 OK
r-release-windows-x86_64 1.0-2 6.00 46.00 52.00 OK
r-oldrel-macos-arm64 1.0-2 22.00 OK
r-oldrel-macos-x86_64 1.0-2 29.00 OK
r-oldrel-windows-ix86+x86_64 1.0-2 8.00 33.00 41.00 OK

Check Details

Version: 1.0-2
Check: compiled code
Result: NOTE
    File ‘tmvnsim/libs/tmvnsim.so’:
     Found no calls to: ‘R_registerRoutines’, ‘R_useDynamicSymbols’
    
    It is good practice to register native routines and to disable symbol
    search.
    
    See ‘Writing portable packages’ in the ‘Writing R Extensions’ manual.
Flavors: r-devel-linux-x86_64-fedora-clang, r-devel-linux-x86_64-fedora-gcc