CRAN Package Check Results for Package toRvik

Last updated on 2022-09-30 21:49:12 CEST.

Flavor Version Tinstall Tcheck Ttotal Status Flags
r-devel-linux-x86_64-debian-clang 1.1.0 9.05 92.73 101.78 OK
r-devel-linux-x86_64-debian-gcc 1.1.0 6.62 67.99 74.61 OK
r-devel-linux-x86_64-fedora-clang 1.1.0 132.87 OK
r-devel-linux-x86_64-fedora-gcc 1.1.0 123.29 OK
r-devel-windows-x86_64 1.1.0 27.00 153.00 180.00 OK
r-patched-linux-x86_64 1.1.0 9.28 84.78 94.06 OK
r-release-linux-x86_64 1.1.0 6.28 87.10 93.38 OK
r-release-macos-arm64 1.1.0 92.00 OK
r-release-macos-x86_64 1.1.0 108.00 OK
r-release-windows-x86_64 1.1.0 25.00 249.00 274.00 ERROR
r-oldrel-macos-arm64 1.1.0 93.00 OK
r-oldrel-macos-x86_64 1.1.0 104.00 OK
r-oldrel-windows-ix86+x86_64 1.1.0 20.00 144.00 164.00 OK

Check Details

Version: 1.1.0
Check: re-building of vignette outputs
Result: ERROR
    Error(s) in re-building vignettes:
    --- re-building 'introduction.Rmd' using rmarkdown
    Quitting from lines 82-87 (introduction.Rmd)
    Error: processing vignette 'introduction.Rmd' failed with diagnostics:
    Problem with the implicit `transmute()` step.
    ✖ Problem while computing `..1 = net`.
    Caused by error in `mask$eval_all_mutate()`:
    ! object 'net' not found
    --- failed re-building 'introduction.Rmd'
    
    SUMMARY: processing the following file failed:
     'introduction.Rmd'
    
    Error: Vignette re-building failed.
    Execution halted
Flavor: r-release-windows-x86_64