CRAN Package Check Results for Package toolmaRk

Last updated on 2023-12-07 19:58:46 CET.

Flavor Version Tinstall Tcheck Ttotal Status Flags
r-devel-linux-x86_64-debian-clang 0.0.1 7.12 58.34 65.46 NOTE
r-devel-linux-x86_64-debian-gcc 0.0.1 5.86 44.36 50.22 NOTE
r-devel-linux-x86_64-fedora-clang 0.0.1 80.83 OK
r-devel-linux-x86_64-fedora-gcc 0.0.1 77.01 OK
r-devel-windows-x86_64 0.0.1 8.00 64.00 72.00 OK
r-patched-linux-x86_64 0.0.1 4.64 55.78 60.42 OK
r-release-linux-x86_64 0.0.1 6.71 54.95 61.66 OK
r-release-macos-arm64 0.0.1 27.00 OK
r-release-macos-x86_64 0.0.1 43.00 OK
r-release-windows-x86_64 0.0.1 11.00 69.00 80.00 OK
r-oldrel-macos-arm64 0.0.1 29.00 OK
r-oldrel-macos-x86_64 0.0.1 51.00 OK
r-oldrel-windows-x86_64 0.0.1 10.00 74.00 84.00 OK

Check Details

Version: 0.0.1
Check: Rd files
Result: NOTE checkRd: (-1) fixed_width_no_modeling.Rd:26: Lost braces in \itemize; \value handles \item{}{} directly checkRd: (-1) fixed_width_no_modeling.Rd:27: Lost braces in \itemize; \value handles \item{}{} directly checkRd: (-1) fixed_width_no_modeling.Rd:28: Lost braces in \itemize; \value handles \item{}{} directly Flavors: r-devel-linux-x86_64-debian-clang, r-devel-linux-x86_64-debian-gcc