CRAN Package Check Results for Package topicdoc

Last updated on 2021-12-03 19:50:31 CET.

Flavor Version Tinstall Tcheck Ttotal Status Flags
r-devel-linux-x86_64-debian-clang 0.1.0 3.64 111.03 114.67 NOTE
r-devel-linux-x86_64-debian-gcc 0.1.0 2.84 75.33 78.17 NOTE
r-devel-linux-x86_64-fedora-clang 0.1.0 157.70 NOTE
r-devel-linux-x86_64-fedora-gcc 0.1.0 142.42 NOTE
r-devel-windows-x86_64-new-UL 0.1.0 10.00 189.00 199.00 NOTE
r-devel-windows-x86_64-new-TK 0.1.0 NOTE
r-devel-windows-x86_64-old 0.1.0 6.00 152.00 158.00 NOTE
r-patched-linux-x86_64 0.1.0 3.83 111.49 115.32 NOTE
r-release-linux-x86_64 0.1.0 3.10 109.10 112.20 NOTE
r-release-macos-arm64 0.1.0 NOTE
r-release-macos-x86_64 0.1.0 NOTE
r-release-windows-ix86+x86_64 0.1.0 10.00 177.00 187.00 NOTE
r-oldrel-macos-x86_64 0.1.0 OK
r-oldrel-windows-ix86+x86_64 0.1.0 9.00 186.00 195.00 OK

Check Details

Version: 0.1.0
Check: LazyData
Result: NOTE
     'LazyData' is specified without a 'data' directory
Flavors: r-devel-linux-x86_64-debian-clang, r-devel-linux-x86_64-debian-gcc, r-devel-linux-x86_64-fedora-clang, r-devel-linux-x86_64-fedora-gcc, r-devel-windows-x86_64-new-UL, r-devel-windows-x86_64-new-TK, r-devel-windows-x86_64-old, r-patched-linux-x86_64, r-release-linux-x86_64, r-release-macos-arm64, r-release-macos-x86_64, r-release-windows-ix86+x86_64

Version: 0.1.0
Check: Rd cross-references
Result: NOTE
    Undeclared package ‘stm’ in Rd xrefs
Flavor: r-devel-linux-x86_64-fedora-clang