Last updated on 2022-05-24 21:51:55 CEST.
Flavor | Version | Tinstall | Tcheck | Ttotal | Status | Flags |
---|---|---|---|---|---|---|
r-devel-linux-x86_64-debian-clang | 0.2-12 | 17.39 | 148.06 | 165.45 | NOTE | |
r-devel-linux-x86_64-debian-gcc | 0.2-12 | 12.56 | 112.03 | 124.59 | NOTE | |
r-devel-linux-x86_64-fedora-clang | 0.2-12 | 202.31 | NOTE | |||
r-devel-linux-x86_64-fedora-gcc | 0.2-12 | 187.28 | NOTE | |||
r-devel-windows-x86_64 | 0.2-12 | 73.00 | 245.00 | 318.00 | NOTE | |
r-patched-linux-x86_64 | 0.2-12 | 15.78 | 146.59 | 162.37 | NOTE | |
r-release-linux-x86_64 | 0.2-12 | NOTE | ||||
r-release-macos-arm64 | 0.2-12 | 110.00 | NOTE | |||
r-release-macos-x86_64 | 0.2-12 | 133.00 | NOTE | |||
r-release-windows-x86_64 | 0.2-12 | 72.00 | 252.00 | 324.00 | NOTE | |
r-oldrel-macos-arm64 | 0.2-12 | 117.00 | NOTE | |||
r-oldrel-macos-x86_64 | 0.2-12 | 187.00 | NOTE | |||
r-oldrel-windows-ix86+x86_64 | 0.2-12 | 43.00 | 233.00 | 276.00 | NOTE |
Version: 0.2-12
Check: package dependencies
Result: NOTE
Package suggested but not available for checking: 'corpus.JSS.papers'
Flavors: r-devel-linux-x86_64-debian-clang, r-devel-linux-x86_64-debian-gcc, r-devel-linux-x86_64-fedora-clang, r-devel-linux-x86_64-fedora-gcc, r-devel-windows-x86_64, r-patched-linux-x86_64, r-release-linux-x86_64, r-release-macos-arm64, r-release-macos-x86_64, r-release-windows-x86_64, r-oldrel-macos-arm64, r-oldrel-macos-x86_64, r-oldrel-windows-ix86+x86_64