CRAN Package Check Results for Package torch

Last updated on 2024-02-25 19:50:14 CET.

Flavor Version Tinstall Tcheck Ttotal Status Flags
r-devel-linux-x86_64-debian-clang 0.12.0 1113.20 361.39 1474.59 OK
r-devel-linux-x86_64-debian-gcc 0.12.0 946.97 266.17 1213.14 OK
r-devel-linux-x86_64-fedora-clang 0.12.0 1749.15 NOTE
r-devel-linux-x86_64-fedora-gcc 0.12.0 2269.86 OK
r-devel-windows-x86_64 0.12.0 826.00 599.00 1425.00 NOTE
r-patched-linux-x86_64 0.12.0 1105.48 342.47 1447.95 OK
r-release-linux-x86_64 0.12.0 1092.02 350.91 1442.93 OK
r-release-macos-arm64 0.12.0 460.00 NOTE
r-release-macos-x86_64 0.12.0 754.00 NOTE
r-release-windows-x86_64 0.12.0 1066.00 736.00 1802.00 NOTE
r-oldrel-macos-arm64 0.12.0 444.00 NOTE
r-oldrel-windows-x86_64 0.12.0 948.00 566.00 1514.00 NOTE

Check Details

Version: 0.12.0
Check: installed package size
Result: NOTE installed size is 35.9Mb sub-directories of 1Mb or more: R 5.6Mb help 1.7Mb include 1.8Mb libs 26.2Mb Flavors: r-devel-linux-x86_64-fedora-clang, r-devel-windows-x86_64, r-release-macos-arm64, r-release-macos-x86_64, r-release-windows-x86_64, r-oldrel-macos-arm64, r-oldrel-windows-x86_64