CRAN Package Check Results for Package torchaudio

Last updated on 2021-12-03 19:50:31 CET.

Flavor Version Tinstall Tcheck Ttotal Status Flags
r-devel-linux-x86_64-debian-clang 0.2.0 34.97 55.04 90.01 OK
r-devel-linux-x86_64-debian-gcc 0.2.0 22.90 43.30 66.20 OK
r-devel-linux-x86_64-fedora-clang 0.2.0 145.67 NOTE
r-devel-linux-x86_64-fedora-gcc 0.2.0 120.55 NOTE
r-devel-windows-x86_64-new-UL 0.2.0 59.00 125.00 184.00 OK
r-devel-windows-x86_64-new-TK 0.2.0 NOTE
r-devel-windows-x86_64-old 0.2.0 48.00 65.00 113.00 OK
r-patched-linux-x86_64 0.2.0 30.37 53.87 84.24 OK
r-release-linux-x86_64 0.2.0 28.07 52.89 80.96 OK
r-release-macos-arm64 0.2.0 NOTE
r-release-macos-x86_64 0.2.0 NOTE
r-release-windows-ix86+x86_64 0.2.0 86.00 97.00 183.00 OK
r-oldrel-macos-x86_64 0.2.0 NOTE
r-oldrel-windows-ix86+x86_64 0.2.0 85.00 104.00 189.00 OK

Additional issues

donttest

Check Details

Version: 0.2.0
Check: dependencies in R code
Result: NOTE
    Namespaces in Imports field not imported from:
     ‘rappdirs’ ‘withr’
     All declared Imports should be used.
Flavors: r-devel-linux-x86_64-fedora-clang, r-devel-linux-x86_64-fedora-gcc, r-devel-windows-x86_64-new-TK, r-release-macos-arm64, r-release-macos-x86_64, r-oldrel-macos-x86_64