CRAN Package Check Results for Package torchvision

Last updated on 2021-11-28 19:49:09 CET.

Flavor Version Tinstall Tcheck Ttotal Status Flags
r-devel-linux-x86_64-debian-clang 0.4.0 OK
r-devel-linux-x86_64-debian-gcc 0.4.0 4.09 39.64 43.73 OK
r-devel-linux-x86_64-fedora-clang 0.4.0 80.42 NOTE
r-devel-linux-x86_64-fedora-gcc 0.4.0 64.21 NOTE
r-devel-windows-x86_64-new-UL 0.4.0 20.00 87.00 107.00 OK
r-devel-windows-x86_64-new-TK 0.4.0 NOTE
r-devel-windows-x86_64-old 0.4.0 7.00 81.00 88.00 OK
r-patched-linux-x86_64 0.4.0 8.41 45.77 54.18 OK
r-patched-solaris-x86 0.4.0 99.30 NOTE
r-release-linux-x86_64 0.4.0 5.00 47.03 52.03 OK
r-release-macos-arm64 0.4.0 NOTE
r-release-macos-x86_64 0.4.0 NOTE
r-release-windows-ix86+x86_64 0.4.0 12.00 55.00 67.00 OK
r-oldrel-macos-x86_64 0.4.0 NOTE
r-oldrel-windows-ix86+x86_64 0.4.0 11.00 84.00 95.00 OK

Check Details

Version: 0.4.0
Check: dependencies in R code
Result: NOTE
    Namespace in Imports field not imported from: ‘zip’
     All declared Imports should be used.
Flavors: r-devel-linux-x86_64-fedora-clang, r-devel-linux-x86_64-fedora-gcc, r-devel-windows-x86_64-new-TK, r-patched-solaris-x86, r-release-macos-arm64, r-release-macos-x86_64, r-oldrel-macos-x86_64