CRAN Package Check Results for Package touchard

Last updated on 2021-12-05 19:49:43 CET.

Flavor Version Tinstall Tcheck Ttotal Status Flags
r-devel-linux-x86_64-debian-clang 2.0.1 4.02 52.40 56.42 OK
r-devel-linux-x86_64-debian-gcc 2.0.1 2.99 40.90 43.89 OK
r-devel-linux-x86_64-fedora-clang 2.0.1 72.14 NOTE
r-devel-linux-x86_64-fedora-gcc 2.0.1 57.99 OK
r-devel-windows-x86_64-new-UL 2.0.1 10.00 79.00 89.00 OK
r-devel-windows-x86_64-new-TK 2.0.1 OK
r-devel-windows-x86_64-old 2.0.1 7.00 44.00 51.00 OK
r-patched-linux-x86_64 2.0.1 4.00 41.66 45.66 OK
r-release-linux-x86_64 2.0.1 3.95 50.52 54.47 OK
r-release-macos-arm64 2.0.1 OK
r-release-macos-x86_64 2.0.1 OK
r-release-windows-ix86+x86_64 2.0.1 8.00 60.00 68.00 OK
r-oldrel-macos-x86_64 2.0.1 OK
r-oldrel-windows-ix86+x86_64 2.0.1 9.00 62.00 71.00 OK

Check Details

Version: 2.0.1
Check: Rd cross-references
Result: NOTE
    Undeclared package ‘vcd’ in Rd xrefs
Flavor: r-devel-linux-x86_64-fedora-clang