Last updated on 2022-06-27 21:51:32 CEST.
Flavor | Version | Tinstall | Tcheck | Ttotal | Status | Flags |
---|---|---|---|---|---|---|
r-devel-linux-x86_64-debian-clang | 0.0.1 | 2.19 | 28.87 | 31.06 | OK | |
r-devel-linux-x86_64-debian-gcc | 0.0.1 | 1.82 | 22.79 | 24.61 | OK | |
r-devel-linux-x86_64-fedora-clang | 0.0.1 | 49.33 | NOTE | |||
r-devel-linux-x86_64-fedora-gcc | 0.0.1 | 48.91 | NOTE | |||
r-devel-windows-x86_64 | 0.0.1 | 10.00 | 56.00 | 66.00 | OK | |
r-patched-linux-x86_64 | 0.0.1 | 2.53 | 28.81 | 31.34 | OK | |
r-release-linux-x86_64 | 0.0.1 | 1.69 | 28.81 | 30.50 | OK | |
r-release-macos-arm64 | 0.0.1 | 24.00 | NOTE | |||
r-release-macos-x86_64 | 0.0.1 | 32.00 | NOTE | |||
r-release-windows-x86_64 | 0.0.1 | 10.00 | 59.00 | 69.00 | OK | |
r-oldrel-macos-arm64 | 0.0.1 | 24.00 | NOTE | |||
r-oldrel-macos-x86_64 | 0.0.1 | 29.00 | NOTE | |||
r-oldrel-windows-ix86+x86_64 | 0.0.1 | 7.00 | 50.00 | 57.00 | OK |
Version: 0.0.1
Check: dependencies in R code
Result: NOTE
Namespace in Imports field not imported from: ‘knitr’
All declared Imports should be used.
Flavors: r-devel-linux-x86_64-fedora-clang, r-devel-linux-x86_64-fedora-gcc, r-release-macos-arm64, r-release-macos-x86_64, r-oldrel-macos-arm64, r-oldrel-macos-x86_64