CRAN Package Check Results for Package tracenma

Last updated on 2024-06-13 21:49:35 CEST.

Flavor Version Tinstall Tcheck Ttotal Status Flags
r-devel-linux-x86_64-debian-clang 0.1.0 3.28 24.62 27.90 OK
r-devel-linux-x86_64-debian-gcc 0.1.0 2.20 21.25 23.45 NOTE
r-devel-linux-x86_64-fedora-clang 0.1.0 34.24 NOTE
r-devel-linux-x86_64-fedora-gcc 0.1.0 33.34 NOTE
r-devel-windows-x86_64 0.1.0 4.00 46.00 50.00 OK
r-patched-linux-x86_64 0.1.0 3.57 23.86 27.43 OK
r-release-linux-x86_64 0.1.0 3.18 23.24 26.42 OK
r-release-macos-arm64 0.1.0 17.00 OK
r-release-macos-x86_64 0.1.0 22.00 OK
r-release-windows-x86_64 0.1.0 4.00 48.00 52.00 OK
r-oldrel-macos-arm64 0.1.0 21.00 OK
r-oldrel-macos-x86_64 0.1.0 36.00 OK
r-oldrel-windows-x86_64 0.1.0 4.00 47.00 51.00 OK

Check Details

Version: 0.1.0
Check: package dependencies
Result: NOTE Packages suggested but not available for checking: 'netmeta', 'nmadb' Flavor: r-devel-linux-x86_64-debian-gcc

Version: 0.1.0
Check: data for non-ASCII characters
Result: NOTE Note: found 23 marked UTF-8 strings Flavors: r-devel-linux-x86_64-fedora-clang, r-devel-linux-x86_64-fedora-gcc