CRAN Package Check Results for Package tracer

Last updated on 2024-02-27 19:54:54 CET.

Flavor Version Tinstall Tcheck Ttotal Status Flags
r-devel-linux-x86_64-debian-clang 1.0.0 2.64 26.28 28.92 NOTE
r-devel-linux-x86_64-debian-gcc 1.0.0 1.80 20.40 22.20 NOTE
r-devel-linux-x86_64-fedora-clang 1.0.0 35.83 NOTE
r-devel-linux-x86_64-fedora-gcc 1.0.0 34.38 NOTE
r-devel-windows-x86_64 1.0.0 2.00 42.00 44.00 NOTE
r-patched-linux-x86_64 1.0.0 2.68 26.01 28.69 NOTE
r-release-linux-x86_64 1.0.0 2.19 25.75 27.94 NOTE
r-release-macos-arm64 1.0.0 22.00 NOTE
r-release-macos-x86_64 1.0.0 31.00 NOTE
r-release-windows-x86_64 1.0.0 3.00 43.00 46.00 NOTE
r-oldrel-macos-arm64 1.0.0 23.00 NOTE
r-oldrel-windows-x86_64 1.0.0 5.00 87.00 92.00 NOTE

Check Details

Version: 1.0.0
Check: LazyData
Result: NOTE 'LazyData' is specified without a 'data' directory Flavors: r-devel-linux-x86_64-debian-clang, r-devel-linux-x86_64-debian-gcc, r-devel-linux-x86_64-fedora-clang, r-devel-linux-x86_64-fedora-gcc, r-devel-windows-x86_64, r-patched-linux-x86_64, r-release-linux-x86_64, r-release-macos-arm64, r-release-macos-x86_64, r-release-windows-x86_64, r-oldrel-macos-arm64, r-oldrel-windows-x86_64