CRAN Package Check Results for Package trackdf

Last updated on 2022-05-26 21:50:20 CEST.

Flavor Version Tinstall Tcheck Ttotal Status Flags
r-devel-linux-x86_64-debian-clang 0.2.2 2.65 98.63 101.28 OK
r-devel-linux-x86_64-debian-gcc 0.2.2 2.55 77.86 80.41 OK
r-devel-linux-x86_64-fedora-clang 0.2.2 117.88 NOTE
r-devel-linux-x86_64-fedora-gcc 0.2.2 106.52 OK
r-devel-windows-x86_64 0.2.2 28.00 159.00 187.00 OK
r-patched-linux-x86_64 0.2.2 3.75 94.64 98.39 OK
r-release-linux-x86_64 0.2.2 2.89 94.53 97.42 OK
r-release-macos-arm64 0.2.2 36.00 OK
r-release-macos-x86_64 0.2.2 55.00 OK
r-release-windows-x86_64 0.2.2 26.00 156.00 182.00 OK
r-oldrel-macos-arm64 0.2.2 52.00 OK
r-oldrel-macos-x86_64 0.2.2 58.00 OK
r-oldrel-windows-ix86+x86_64 0.2.2 11.00 118.00 129.00 OK

Check Details

Version: 0.2.2
Check: Rd cross-references
Result: NOTE
    Undeclared package ‘rlang’ in Rd xrefs
Flavor: r-devel-linux-x86_64-fedora-clang