CRAN Package Check Results for Package trackeR

Last updated on 2021-06-20 21:49:27 CEST.

Flavor Version Tinstall Tcheck Ttotal Status Flags
r-devel-linux-x86_64-debian-clang 1.5.2 13.22 286.06 299.28 OK
r-devel-linux-x86_64-debian-gcc 1.5.2 10.85 212.12 222.97 OK
r-devel-linux-x86_64-fedora-clang 1.5.2 356.59 NOTE
r-devel-linux-x86_64-fedora-gcc 1.5.2 338.06 OK
r-devel-windows-x86_64 1.5.2 21.00 285.00 306.00 NOTE
r-devel-windows-x86_64-gcc10-UCRT 1.5.2 ERROR
r-patched-linux-x86_64 1.5.2 19.97 269.29 289.26 OK
r-patched-solaris-x86 1.5.2 424.50 WARN
r-release-linux-x86_64 1.5.2 13.08 274.03 287.11 OK
r-release-macos-arm64 1.5.2 NOTE
r-release-macos-x86_64 1.5.2 NOTE
r-release-windows-ix86+x86_64 1.5.2 25.00 339.00 364.00 NOTE
r-oldrel-macos-x86_64 1.5.2 NOTE

Check Details

Version: 1.5.2
Check: installed package size
Result: NOTE
     installed size is 6.1Mb
     sub-directories of 1Mb or more:
     data 2.4Mb
     doc 2.7Mb
Flavors: r-devel-linux-x86_64-fedora-clang, r-devel-windows-x86_64, r-patched-solaris-x86, r-release-macos-arm64, r-release-macos-x86_64, r-release-windows-ix86+x86_64, r-oldrel-macos-x86_64

Version: 1.5.2
Check: package dependencies
Result: ERROR
    Package required but not available: 'ggmap'
    
    Package suggested but not available for checking: 'covr'
    
    See section 'The DESCRIPTION file' in the 'Writing R Extensions'
    manual.
Flavor: r-devel-windows-x86_64-gcc10-UCRT

Version: 1.5.2
Check: re-building of vignette outputs
Result: WARN
    Error(s) in re-building vignettes:
     ...
    --- re-building ‘TourDetrackeR.Rmd’ using rmarkdown
    Warning in engine$weave(file, quiet = quiet, encoding = enc) :
     Pandoc (>= 1.12.3) not available. Falling back to R Markdown v1.
    Loading required package: zoo
    
    Attaching package: 'zoo'
    
    The following objects are masked from 'package:base':
    
     as.Date, as.Date.numeric
    
    
    Attaching package: 'trackeR'
    
    The following object is masked from 'package:base':
    
     append
    
    Source : http://tile.stamen.com/toner/13/4056/2748.png
    Source : http://tile.stamen.com/toner/13/4057/2748.png
    Source : http://tile.stamen.com/toner/13/4056/2749.png
    Source : http://tile.stamen.com/toner/13/4057/2749.png
    Quitting from lines 106-108 (TourDetrackeR.Rmd)
    Error: processing vignette 'TourDetrackeR.Rmd' failed with diagnostics:
    there is no package called 'webshot'
    --- failed re-building ‘TourDetrackeR.Rmd’
    
    --- re-building ‘trackeR.Rnw’ using Sweave
    Loading required package: zoo
    
    Attaching package: 'zoo'
    
    The following objects are masked from 'package:base':
    
     as.Date, as.Date.numeric
    
    
    Attaching package: 'trackeR'
    
    The following object is masked from 'package:base':
    
     append
    
    Warning in sanity_checks(dat = dat, silent = silent) :
     Observations with duplicated time stamps have been removed.
    Warning in sanity_checks(dat = dat, silent = silent) :
     Observations with duplicated time stamps have been removed.
    Loading required package: splines
    Loading required package: Matrix
    Loading required package: fds
    Loading required package: rainbow
    Loading required package: MASS
    Loading required package: pcaPP
    Loading required package: RCurl
    
    Attaching package: 'fda'
    
    The following object is masked from 'package:graphics':
    
     matplot
    
    --- finished re-building 'trackeR.Rnw'
    
    SUMMARY: processing the following file failed:
     ‘TourDetrackeR.Rmd’
    
    Error: Vignette re-building failed.
    Execution halted
Flavor: r-patched-solaris-x86

Version: 1.5.2
Check: re-building of vignette outputs
Result: NOTE
    Error(s) in re-building vignettes:
    --- re-building ‘TourDetrackeR.Rmd’ using rmarkdown
    Warning in engine$weave(file, quiet = quiet, encoding = enc) :
     Pandoc (>= 1.12.3) not available. Falling back to R Markdown v1.
    Loading required package: zoo
    
    Attaching package: 'zoo'
    
    The following objects are masked from 'package:base':
    
     as.Date, as.Date.numeric
    
    
    Attaching package: 'trackeR'
    
    The following object is masked from 'package:base':
    
     append
    
    Source : http://tile.stamen.com/toner/13/4056/2748.png
    Source : http://tile.stamen.com/toner/13/4057/2748.png
    Source : http://tile.stamen.com/toner/13/4056/2749.png
    Source : http://tile.stamen.com/toner/13/4057/2749.png
    Quitting from lines 106-108 (TourDetrackeR.Rmd)
    Error: processing vignette 'TourDetrackeR.Rmd' failed with diagnostics:
    invalid 'path' argument
    --- failed re-building ‘TourDetrackeR.Rmd’
    
    --- re-building ‘trackeR.Rnw’ using Sweave
    Loading required package: zoo
    
    Attaching package: 'zoo'
    
    The following objects are masked from 'package:base':
    
     as.Date, as.Date.numeric
    
    
    Attaching package: 'trackeR'
    
    The following object is masked from 'package:base':
    
     append
    
    Warning in sanity_checks(dat = dat, silent = silent) :
     Observations with duplicated time stamps have been removed.
    Warning in sanity_checks(dat = dat, silent = silent) :
     Observations with duplicated time stamps have been removed.
    Loading required package: splines
    Loading required package: Matrix
    Loading required package: fds
    Loading required package: rainbow
    Loading required package: MASS
    Loading required package: pcaPP
    Loading required package: RCurl
    
    Attaching package: 'fda'
    
    The following object is masked from 'package:graphics':
    
     matplot
    
    --- finished re-building 'trackeR.Rnw'
    
    SUMMARY: processing the following file failed:
     ‘TourDetrackeR.Rmd’
    
    Error: Vignette re-building failed.
    Execution halted
Flavors: r-release-macos-arm64, r-release-macos-x86_64

Version: 1.5.2
Check: re-building of vignette outputs
Result: NOTE
    Error(s) in re-building vignettes:
    --- re-building ‘TourDetrackeR.Rmd’ using rmarkdown
    Warning in engine$weave(file, quiet = quiet, encoding = enc) :
     Pandoc (>= 1.12.3) and/or pandoc-citeproc not available. Falling back to R Markdown v1.
    Loading required package: zoo
    
    Attaching package: 'zoo'
    
    The following objects are masked from 'package:base':
    
     as.Date, as.Date.numeric
    
    
    Attaching package: 'trackeR'
    
    The following object is masked from 'package:base':
    
     append
    
    Source : http://tile.stamen.com/toner/13/4056/2748.png
    Source : http://tile.stamen.com/toner/13/4057/2748.png
    Source : http://tile.stamen.com/toner/13/4056/2749.png
    Source : http://tile.stamen.com/toner/13/4057/2749.png
    Quitting from lines 106-108 (TourDetrackeR.Rmd)
    Error: processing vignette 'TourDetrackeR.Rmd' failed with diagnostics:
    cannot open the connection
    --- failed re-building ‘TourDetrackeR.Rmd’
    
    --- re-building ‘trackeR.Rnw’ using Sweave
    Loading required package: zoo
    
    Attaching package: 'zoo'
    
    The following objects are masked from 'package:base':
    
     as.Date, as.Date.numeric
    
    
    Attaching package: 'trackeR'
    
    The following object is masked from 'package:base':
    
     append
    
    Warning in sanity_checks(dat = dat, silent = silent) :
     Observations with duplicated time stamps have been removed.
    Warning in sanity_checks(dat = dat, silent = silent) :
     Observations with duplicated time stamps have been removed.
    Loading required package: Matrix
    
    Attaching package: 'fda'
    
    The following object is masked from 'package:graphics':
    
     matplot
    
    --- finished re-building 'trackeR.Rnw'
    
    SUMMARY: processing the following file failed:
     ‘TourDetrackeR.Rmd’
    
    Error: Vignette re-building failed.
    Execution halted
Flavor: r-oldrel-macos-x86_64