CRAN Package Check Results for Package tradestatistics

Last updated on 2024-02-28 19:49:51 CET.

Flavor Version Tinstall Tcheck Ttotal Status Flags
r-devel-linux-x86_64-debian-clang 4.5.0 4.57 46.89 51.46 NOTE
r-devel-linux-x86_64-debian-gcc 4.5.0 3.75 36.29 40.04 NOTE
r-devel-linux-x86_64-fedora-clang 4.5.0 65.46 NOTE
r-devel-linux-x86_64-fedora-gcc 4.5.0 73.18 NOTE
r-devel-windows-x86_64 4.5.0 5.00 64.00 69.00 OK
r-patched-linux-x86_64 4.5.0 4.79 46.02 50.81 OK
r-release-linux-x86_64 4.5.0 4.51 45.16 49.67 OK
r-release-macos-arm64 4.5.0 30.00 OK
r-release-macos-x86_64 4.5.0 74.00 OK
r-release-windows-x86_64 4.5.0 6.00 67.00 73.00 OK
r-oldrel-macos-arm64 4.5.0 26.00 OK
r-oldrel-windows-x86_64 4.5.0 6.00 63.00 69.00 OK

Check Details

Version: 4.5.0
Check: Rd files
Result: NOTE checkRd: (-1) ots_commodities.Rd:10: Lost braces in \itemize; meant \describe ? checkRd: (-1) ots_commodities.Rd:11: Lost braces in \itemize; meant \describe ? checkRd: (-1) ots_commodities.Rd:12: Lost braces in \itemize; meant \describe ? checkRd: (-1) ots_commodities.Rd:13: Lost braces in \itemize; meant \describe ? checkRd: (-1) ots_commodities_short.Rd:10: Lost braces in \itemize; meant \describe ? checkRd: (-1) ots_commodities_short.Rd:11: Lost braces in \itemize; meant \describe ? checkRd: (-1) ots_commodities_short.Rd:12: Lost braces in \itemize; meant \describe ? checkRd: (-1) ots_commodities_short.Rd:13: Lost braces in \itemize; meant \describe ? checkRd: (-1) ots_countries.Rd:10: Lost braces in \itemize; meant \describe ? checkRd: (-1) ots_countries.Rd:11: Lost braces in \itemize; meant \describe ? checkRd: (-1) ots_countries.Rd:12: Lost braces in \itemize; meant \describe ? checkRd: (-1) ots_countries.Rd:13: Lost braces in \itemize; meant \describe ? checkRd: (-1) ots_countries.Rd:14: Lost braces in \itemize; meant \describe ? checkRd: (-1) ots_countries_colors.Rd:10: Lost braces in \itemize; meant \describe ? checkRd: (-1) ots_countries_colors.Rd:11: Lost braces in \itemize; meant \describe ? checkRd: (-1) ots_countries_colors.Rd:12: Lost braces in \itemize; meant \describe ? checkRd: (-1) ots_distances.Rd:10: Lost braces in \itemize; meant \describe ? checkRd: (-1) ots_distances.Rd:11: Lost braces in \itemize; meant \describe ? checkRd: (-1) ots_distances.Rd:12: Lost braces in \itemize; meant \describe ? checkRd: (-1) ots_distances.Rd:13: Lost braces in \itemize; meant \describe ? checkRd: (-1) ots_distances.Rd:14: Lost braces in \itemize; meant \describe ? checkRd: (-1) ots_distances.Rd:15: Lost braces in \itemize; meant \describe ? checkRd: (-1) ots_distances.Rd:16: Lost braces in \itemize; meant \describe ? checkRd: (-1) ots_distances.Rd:17: Lost braces in \itemize; meant \describe ? checkRd: (-1) ots_gdp_deflator.Rd:10: Lost braces in \itemize; meant \describe ? checkRd: (-1) ots_gdp_deflator.Rd:11: Lost braces in \itemize; meant \describe ? checkRd: (-1) ots_gdp_deflator.Rd:12: Lost braces in \itemize; meant \describe ? checkRd: (-1) ots_gdp_deflator.Rd:13: Lost braces in \itemize; meant \describe ? checkRd: (-1) ots_sections.Rd:10: Lost braces in \itemize; meant \describe ? checkRd: (-1) ots_sections.Rd:11: Lost braces in \itemize; meant \describe ? checkRd: (-1) ots_sections_colors.Rd:10: Lost braces in \itemize; meant \describe ? checkRd: (-1) ots_sections_colors.Rd:11: Lost braces in \itemize; meant \describe ? checkRd: (-1) ots_tables.Rd:10: Lost braces in \itemize; meant \describe ? checkRd: (-1) ots_tables.Rd:11: Lost braces in \itemize; meant \describe ? checkRd: (-1) ots_tables.Rd:12: Lost braces in \itemize; meant \describe ? Flavors: r-devel-linux-x86_64-debian-clang, r-devel-linux-x86_64-debian-gcc, r-devel-linux-x86_64-fedora-clang, r-devel-linux-x86_64-fedora-gcc