CRAN Package Check Results for Package trafo

Last updated on 2024-02-28 19:49:51 CET.

Flavor Version Tinstall Tcheck Ttotal Status Flags
r-devel-linux-x86_64-debian-clang 1.0.1 7.57 66.67 74.24 NOTE
r-devel-linux-x86_64-debian-gcc 1.0.1 5.89 48.51 54.40 NOTE
r-devel-linux-x86_64-fedora-clang 1.0.1 90.71 NOTE
r-devel-linux-x86_64-fedora-gcc 1.0.1 99.26 NOTE
r-devel-windows-x86_64 1.0.1 8.00 73.00 81.00 NOTE
r-patched-linux-x86_64 1.0.1 8.21 64.11 72.32 NOTE
r-release-linux-x86_64 1.0.1 8.88 64.04 72.92 NOTE
r-release-macos-arm64 1.0.1 32.00 NOTE
r-release-macos-x86_64 1.0.1 51.00 NOTE
r-release-windows-x86_64 1.0.1 9.00 92.00 101.00 NOTE
r-oldrel-macos-arm64 1.0.1 28.00 NOTE
r-oldrel-windows-x86_64 1.0.1 11.00 79.00 90.00 NOTE

Check Details

Version: 1.0.1
Check: LazyData
Result: NOTE 'LazyData' is specified without a 'data' directory Flavors: r-devel-linux-x86_64-debian-clang, r-devel-linux-x86_64-debian-gcc, r-devel-linux-x86_64-fedora-clang, r-devel-linux-x86_64-fedora-gcc, r-devel-windows-x86_64, r-patched-linux-x86_64, r-release-linux-x86_64, r-release-macos-arm64, r-release-macos-x86_64, r-release-windows-x86_64, r-oldrel-macos-arm64, r-oldrel-windows-x86_64