CRAN Package Check Results for Package traits

Last updated on 2021-06-21 21:51:41 CEST.

Flavor Version Tinstall Tcheck Ttotal Status Flags
r-devel-linux-x86_64-debian-clang 0.5.0 7.79 64.64 72.43 OK
r-devel-linux-x86_64-debian-gcc 0.5.0 6.19 48.74 54.93 OK
r-devel-linux-x86_64-fedora-clang 0.5.0 96.94 OK
r-devel-linux-x86_64-fedora-gcc 0.5.0 82.71 OK
r-devel-windows-x86_64 0.5.0 13.00 89.00 102.00 OK
r-devel-windows-x86_64-gcc10-UCRT 0.5.0 ERROR
r-patched-linux-x86_64 0.5.0 8.46 60.12 68.58 OK
r-patched-solaris-x86 0.5.0 128.30 OK
r-release-linux-x86_64 0.5.0 6.86 61.08 67.94 OK
r-release-macos-arm64 0.5.0 OK
r-release-macos-x86_64 0.5.0 OK
r-release-windows-ix86+x86_64 0.5.0 18.00 84.00 102.00 OK
r-oldrel-macos-x86_64 0.5.0 OK

Check Details

Version: 0.5.0
Check: package dependencies
Result: ERROR
    Packages required but not available: 'httr', 'crul', 'taxize', 'rvest'
    
    See section 'The DESCRIPTION file' in the 'Writing R Extensions'
    manual.
Flavor: r-devel-windows-x86_64-gcc10-UCRT