CRAN Package Check Results for Package trajr

Last updated on 2022-01-16 19:49:42 CET.

Flavor Version Tinstall Tcheck Ttotal Status Flags
r-devel-linux-x86_64-debian-clang 1.4.0 4.04 278.62 282.66 NOTE
r-devel-linux-x86_64-debian-gcc 1.4.0 3.17 189.61 192.78 NOTE
r-devel-linux-x86_64-fedora-clang 1.4.0 326.20 NOTE
r-devel-linux-x86_64-fedora-gcc 1.4.0 330.51 NOTE
r-devel-windows-x86_64-new-UL 1.4.0 99.00 310.00 409.00 NOTE
r-devel-windows-x86_64-new-TK 1.4.0 NOTE
r-patched-linux-x86_64 1.4.0 5.32 275.47 280.79 NOTE
r-release-linux-x86_64 1.4.0 NOTE
r-release-macos-arm64 1.4.0 NOTE
r-release-macos-x86_64 1.4.0 NOTE
r-release-windows-ix86+x86_64 1.4.0 8.00 338.00 346.00 NOTE
r-oldrel-macos-x86_64 1.4.0 OK
r-oldrel-windows-ix86+x86_64 1.4.0 8.00 325.00 333.00 OK

Check Details

Version: 1.4.0
Check: LazyData
Result: NOTE
     'LazyData' is specified without a 'data' directory
Flavors: r-devel-linux-x86_64-debian-clang, r-devel-linux-x86_64-debian-gcc, r-devel-linux-x86_64-fedora-clang, r-devel-linux-x86_64-fedora-gcc, r-devel-windows-x86_64-new-UL, r-devel-windows-x86_64-new-TK, r-patched-linux-x86_64, r-release-linux-x86_64, r-release-macos-arm64, r-release-macos-x86_64, r-release-windows-ix86+x86_64