CRAN Package Check Results for Package tramME

Last updated on 2024-02-20 19:51:19 CET.

Flavor Version Tinstall Tcheck Ttotal Status Flags
r-devel-linux-x86_64-debian-clang 1.0.5 OK
r-devel-linux-x86_64-debian-gcc 1.0.5 135.05 199.91 334.96 OK
r-devel-linux-x86_64-fedora-clang 1.0.5 501.12 OK
r-devel-linux-x86_64-fedora-gcc 1.0.5 590.40 OK
r-devel-windows-x86_64 1.0.5 102.00 278.00 380.00 NOTE
r-patched-linux-x86_64 1.0.5 131.35 260.93 392.28 OK
r-release-linux-x86_64 1.0.5 134.56 262.69 397.25 OK
r-release-macos-arm64 1.0.5 123.00 NOTE
r-release-macos-x86_64 1.0.5 314.00 NOTE
r-release-windows-x86_64 1.0.5 135.00 328.00 463.00 NOTE
r-oldrel-macos-arm64 1.0.5 143.00 NOTE
r-oldrel-windows-x86_64 1.0.5 123.00 326.00 449.00 NOTE

Check Details

Version: 1.0.5
Check: installed package size
Result: NOTE installed size is 16.0Mb sub-directories of 1Mb or more: doc 2.1Mb libs 13.3Mb Flavors: r-devel-windows-x86_64, r-release-macos-arm64, r-release-macos-x86_64, r-release-windows-x86_64, r-oldrel-macos-arm64, r-oldrel-windows-x86_64