CRAN Package Check Results for Package tramME

Last updated on 2022-06-25 21:53:14 CEST.

Flavor Version Tinstall Tcheck Ttotal Status Flags
r-devel-linux-x86_64-debian-clang 1.0.1 126.99 265.72 392.71 OK
r-devel-linux-x86_64-debian-gcc 1.0.1 118.35 196.71 315.06 OK
r-devel-linux-x86_64-fedora-clang 1.0.1 509.44 NOTE
r-devel-linux-x86_64-fedora-gcc 1.0.1 518.10 OK
r-devel-windows-x86_64 1.0.1 106.00 345.00 451.00 NOTE
r-patched-linux-x86_64 1.0.1 112.24 257.60 369.84 OK
r-release-linux-x86_64 1.0.1 123.18 258.00 381.18 OK
r-release-macos-arm64 1.0.1 137.00 ERROR
r-release-macos-x86_64 1.0.1 197.00 NOTE
r-release-windows-x86_64 1.0.1 108.00 336.00 444.00 NOTE
r-oldrel-macos-arm64 1.0.1 146.00 NOTE
r-oldrel-macos-x86_64 1.0.1 193.00 NOTE
r-oldrel-windows-ix86+x86_64 1.0.1 248.00 445.00 693.00 NOTE

Check Details

Version: 1.0.1
Check: installed package size
Result: NOTE
     installed size is 31.4Mb
     sub-directories of 1Mb or more:
     doc 1.3Mb
     libs 29.5Mb
Flavors: r-devel-linux-x86_64-fedora-clang, r-devel-windows-x86_64, r-release-macos-arm64, r-release-macos-x86_64, r-release-windows-x86_64, r-oldrel-macos-arm64, r-oldrel-macos-x86_64, r-oldrel-windows-ix86+x86_64

Version: 1.0.1
Check: re-building of vignette outputs
Result: ERROR
    Error(s) in re-building vignettes:
    --- re-building ‘mixed-effects-additive-models.Rnw’ using knitr
    Loading required package: tram
    Loading required package: mlt
    Loading required package: basefun
    Loading required package: variables
    Loading required package: nlme
    
    Attaching package: 'nlme'
    
    The following object is masked from 'package:mlt':
    
     coef<-
    
    This is mgcv 1.8-40. For overview type 'help("mgcv-package")'.
    Loading required package: Matrix
    Loading required package: lme4
    
    Attaching package: 'lme4'
    
    The following object is masked from 'package:nlme':
    
     lmList
    
    This is gamm4 0.2-6
    
    Quitting from lines 913-916 (mixed-effects-additive-models.Rnw)
    Error: processing vignette 'mixed-effects-additive-models.Rnw' failed with diagnostics:
    Incorrect number of arguments (4), expecting 3 for 'getParameterOrder'
    --- failed re-building ‘mixed-effects-additive-models.Rnw’
    
    --- re-building ‘RJ-2021-075.Rnw’ using Sweave
    --- finished re-building ‘RJ-2021-075.Rnw’
    
    SUMMARY: processing the following file failed:
     ‘mixed-effects-additive-models.Rnw’
    
    Error: Vignette re-building failed.
    Execution halted
Flavor: r-release-macos-arm64