CRAN Package Check Results for Package transport

Last updated on 2021-05-05 22:51:53 CEST.

Flavor Version Tinstall Tcheck Ttotal Status Flags
r-devel-linux-x86_64-debian-clang 0.12-2 99.66 75.60 175.26 OK
r-devel-linux-x86_64-debian-gcc 0.12-2 60.44 55.98 116.42 OK
r-devel-linux-x86_64-fedora-clang 0.12-2 257.58 NOTE
r-devel-linux-x86_64-fedora-gcc 0.12-2 198.67 OK
r-devel-windows-ix86+x86_64 0.12-2 166.00 143.00 309.00 OK
r-devel-windows-x86_64-gcc10-UCRT 0.12-2 NOTE
r-patched-linux-x86_64 0.12-2 77.53 72.59 150.12 OK
r-patched-solaris-x86 0.12-2 220.50 OK
r-release-linux-x86_64 0.12-2 72.33 70.93 143.26 OK
r-release-macos-x86_64 0.12-2 NOTE
r-release-windows-ix86+x86_64 0.12-2 170.00 115.00 285.00 OK
r-oldrel-macos-x86_64 0.12-2 NOTE
r-oldrel-windows-ix86+x86_64 0.12-2 197.00 145.00 342.00 OK

Check Details

Version: 0.12-2
Check: installed package size
Result: NOTE
     installed size is 5.9Mb
     sub-directories of 1Mb or more:
     libs 5.4Mb
Flavors: r-devel-linux-x86_64-fedora-clang, r-release-macos-x86_64, r-oldrel-macos-x86_64

Version: 0.12-2
Check: package dependencies
Result: NOTE
    Package suggested but not available for checking: 'animation'
Flavor: r-devel-windows-x86_64-gcc10-UCRT