Last updated on 2025-04-29 21:50:06 CEST.
Flavor | Version | Tinstall | Tcheck | Ttotal | Status | Flags |
---|---|---|---|---|---|---|
r-devel-linux-x86_64-debian-clang | 0.2.1 | 6.02 | 216.69 | 222.71 | NOTE | |
r-devel-linux-x86_64-debian-gcc | 0.2.1 | 4.58 | 160.90 | 165.48 | NOTE | |
r-devel-linux-x86_64-fedora-clang | 0.2.1 | 332.55 | OK | |||
r-devel-linux-x86_64-fedora-gcc | 0.2.1 | 346.52 | OK | |||
r-devel-windows-x86_64 | 0.2.1 | 9.00 | 210.00 | 219.00 | OK | |
r-patched-linux-x86_64 | 0.2.1 | 6.77 | 208.76 | 215.53 | OK | |
r-release-linux-x86_64 | 0.2.1 | 5.84 | 205.45 | 211.29 | OK | |
r-release-macos-arm64 | 0.2.1 | 137.00 | OK | |||
r-release-macos-x86_64 | 0.2.1 | 219.00 | OK | |||
r-release-windows-x86_64 | 0.2.1 | 9.00 | 209.00 | 218.00 | OK | |
r-oldrel-macos-arm64 | 0.2.1 | 137.00 | OK | |||
r-oldrel-macos-x86_64 | 0.2.1 | 198.00 | OK | |||
r-oldrel-windows-x86_64 | 0.2.1 | 11.00 | 269.00 | 280.00 | OK |
Version: 0.2.1
Check: examples
Result: NOTE
Examples with CPU (user + system) or elapsed time > 5s
user system elapsed
heat_tree 14.325 0.144 19.572
draw_heat 4.369 0.133 5.195
compute_tree 4.296 0.141 5.389
draw_tree 3.842 0.075 5.016
Flavor: r-devel-linux-x86_64-debian-clang
Version: 0.2.1
Check: examples
Result: NOTE
Examples with CPU (user + system) or elapsed time > 5s
user system elapsed
heat_tree 11.816 0.025 15.573
compute_tree 3.447 0.252 5.516
Flavor: r-devel-linux-x86_64-debian-gcc