Last updated on 2021-03-02 20:48:11 CET.
Flavor | Version | Tinstall | Tcheck | Ttotal | Status | Flags |
---|---|---|---|---|---|---|
r-devel-linux-x86_64-debian-clang | 1.1.4.0 | OK | ||||
r-devel-linux-x86_64-debian-gcc | 1.1.4.0 | 37.21 | 205.34 | 242.55 | OK | |
r-devel-linux-x86_64-fedora-clang | 1.1.4.0 | 393.12 | OK | |||
r-devel-linux-x86_64-fedora-gcc | 1.1.4.0 | 376.56 | OK | |||
r-devel-windows-ix86+x86_64 | 1.1.4.0 | 106.00 | 375.00 | 481.00 | OK | |
r-patched-linux-x86_64 | 1.1.4.0 | 29.30 | 254.29 | 283.59 | OK | |
r-patched-solaris-x86 | 1.1.4.0 | 504.80 | OK | |||
r-release-linux-x86_64 | 1.1.4.0 | 33.55 | 256.89 | 290.44 | OK | |
r-release-macos-x86_64 | 1.1.4.0 | OK | ||||
r-release-windows-ix86+x86_64 | 1.1.4.0 | 74.00 | 330.00 | 404.00 | OK | |
r-oldrel-macos-x86_64 | 1.1.4.0 | WARN | ||||
r-oldrel-windows-ix86+x86_64 | 1.1.4.0 | 98.00 | 381.00 | 479.00 | OK |
Version: 1.1.4.0
Check: whether package can be installed
Result: WARN
Found the following significant warnings:
Warning: 'rgl.init' failed, running with 'rgl.useNULL = TRUE'.
Flavor: r-oldrel-macos-x86_64