Last updated on 2025-06-23 22:50:56 CEST.
Flavor | Version | Tinstall | Tcheck | Ttotal | Status | Flags |
---|---|---|---|---|---|---|
r-devel-linux-x86_64-debian-clang | 1.70.5 | 61.56 | 138.86 | 200.42 | OK | |
r-devel-linux-x86_64-debian-gcc | 1.70.5 | 46.53 | 94.20 | 140.73 | OK | |
r-devel-linux-x86_64-fedora-clang | 1.70.5 | 354.84 | OK | |||
r-devel-linux-x86_64-fedora-gcc | 1.70.5 | 354.23 | OK | |||
r-devel-windows-x86_64 | 1.70.5 | 75.00 | 252.00 | 327.00 | OK | |
r-patched-linux-x86_64 | 1.70.5 | 65.46 | 133.12 | 198.58 | OK | |
r-release-linux-x86_64 | 1.70.5 | 64.94 | 129.56 | 194.50 | OK | |
r-release-macos-arm64 | 1.70.5 | 104.00 | OK | |||
r-release-macos-x86_64 | 1.70.5 | 159.00 | OK | |||
r-release-windows-x86_64 | 1.70.5 | 75.00 | 205.00 | 280.00 | OK | |
r-oldrel-macos-arm64 | 1.70.5 | 101.00 | NOTE | |||
r-oldrel-macos-x86_64 | 1.70.5 | 168.00 | NOTE | |||
r-oldrel-windows-x86_64 | 1.70.5 | 88.00 | 258.00 | 346.00 | OK |
Version: 1.70.5
Check: installed package size
Result: NOTE
installed size is 8.6Mb
sub-directories of 1Mb or more:
doc 3.1Mb
libs 5.0Mb
Flavors: r-oldrel-macos-arm64, r-oldrel-macos-x86_64