CRAN Package Check Results for Package tremendousr

Last updated on 2022-05-20 21:53:05 CEST.

Flavor Version Tinstall Tcheck Ttotal Status Flags
r-devel-linux-x86_64-debian-clang 1.0.0 2.72 36.99 39.71 OK
r-devel-linux-x86_64-debian-gcc 1.0.0 2.46 28.95 31.41 OK
r-devel-linux-x86_64-fedora-clang 1.0.0 50.05 NOTE
r-devel-linux-x86_64-fedora-gcc 1.0.0 47.20 NOTE
r-devel-windows-x86_64 1.0.0 24.00 57.00 81.00 OK
r-patched-linux-x86_64 1.0.0 3.05 36.87 39.92 OK
r-release-linux-x86_64 1.0.0 2.98 36.65 39.63 OK
r-release-macos-arm64 1.0.0 17.00 NOTE
r-release-macos-x86_64 1.0.0 23.00 NOTE
r-release-windows-x86_64 1.0.0 29.00 61.00 90.00 OK
r-oldrel-macos-arm64 1.0.0 18.00 NOTE
r-oldrel-macos-x86_64 1.0.0 25.00 NOTE
r-oldrel-windows-ix86+x86_64 1.0.0 8.00 57.00 65.00 OK

Check Details

Version: 1.0.0
Check: dependencies in R code
Result: NOTE
    Namespace in Imports field not imported from: ‘crul’
     All declared Imports should be used.
Flavors: r-devel-linux-x86_64-fedora-clang, r-devel-linux-x86_64-fedora-gcc, r-release-macos-arm64, r-release-macos-x86_64, r-oldrel-macos-arm64, r-oldrel-macos-x86_64