CRAN Package Check Results for Package trending

Last updated on 2024-02-23 19:49:02 CET.

Flavor Version Tinstall Tcheck Ttotal Status Flags
r-devel-linux-x86_64-debian-clang 0.1.0 OK
r-devel-linux-x86_64-debian-gcc 0.1.0 9.08 110.91 119.99 OK
r-devel-linux-x86_64-fedora-clang 0.1.0 202.44 OK
r-devel-linux-x86_64-fedora-gcc 0.1.0 208.23 OK
r-devel-windows-x86_64 0.1.0 11.00 121.00 132.00 OK
r-patched-linux-x86_64 0.1.0 13.16 145.42 158.58 OK
r-release-linux-x86_64 0.1.0 9.98 143.49 153.47 OK
r-release-macos-arm64 0.1.0 65.00 OK
r-release-macos-x86_64 0.1.0 105.00 NOTE
r-release-windows-x86_64 0.1.0 13.00 156.00 169.00 OK
r-oldrel-macos-arm64 0.1.0 58.00 OK
r-oldrel-windows-x86_64 0.1.0 15.00 150.00 165.00 OK

Check Details

Version: 0.1.0
Check: package dependencies
Result: NOTE Package suggested but not available for checking: ‘brms’ Flavor: r-release-macos-x86_64

Version: 0.1.0
Check: Rd cross-references
Result: NOTE Package unavailable to check Rd xrefs: ‘brms’ Flavor: r-release-macos-x86_64