Last updated on 2022-05-20 21:53:05 CEST.
Flavor | Version | Tinstall | Tcheck | Ttotal | Status | Flags |
---|---|---|---|---|---|---|
r-devel-linux-x86_64-debian-clang | 0.3.0 | 80.77 | 43.66 | 124.43 | NOTE | |
r-devel-linux-x86_64-debian-gcc | 0.3.0 | 66.13 | 33.65 | 99.78 | NOTE | |
r-devel-linux-x86_64-fedora-clang | 0.3.0 | 188.31 | NOTE | |||
r-devel-linux-x86_64-fedora-gcc | 0.3.0 | 162.51 | NOTE | |||
r-devel-windows-x86_64 | 0.3.0 | 89.00 | 93.00 | 182.00 | NOTE | |
r-patched-linux-x86_64 | 0.3.0 | 70.09 | 42.08 | 112.17 | NOTE | |
r-release-linux-x86_64 | 0.3.0 | 65.57 | 42.62 | 108.19 | NOTE | |
r-release-macos-arm64 | 0.3.0 | 43.00 | NOTE | |||
r-release-macos-x86_64 | 0.3.0 | 62.00 | NOTE | |||
r-release-windows-x86_64 | 0.3.0 | 94.00 | 99.00 | 193.00 | NOTE | |
r-oldrel-macos-arm64 | 0.3.0 | 52.00 | NOTE | |||
r-oldrel-macos-x86_64 | 0.3.0 | 91.00 | NOTE | |||
r-oldrel-windows-ix86+x86_64 | 0.3.0 | 201.00 | 97.00 | 298.00 | NOTE |
Version: 0.3.0
Check: LazyData
Result: NOTE
'LazyData' is specified without a 'data' directory
Flavors: r-devel-linux-x86_64-debian-clang, r-devel-linux-x86_64-debian-gcc, r-devel-linux-x86_64-fedora-clang, r-devel-linux-x86_64-fedora-gcc, r-devel-windows-x86_64, r-patched-linux-x86_64, r-release-linux-x86_64, r-release-macos-arm64, r-release-macos-x86_64, r-release-windows-x86_64, r-oldrel-macos-arm64, r-oldrel-macos-x86_64, r-oldrel-windows-ix86+x86_64
Version: 0.3.0
Check: compiled code
Result: NOTE
File ‘triebeard/libs/triebeard.so’:
Found no calls to: ‘R_registerRoutines’, ‘R_useDynamicSymbols’
It is good practice to register native routines and to disable symbol
search.
See ‘Writing portable packages’ in the ‘Writing R Extensions’ manual.
Flavors: r-devel-linux-x86_64-fedora-clang, r-devel-linux-x86_64-fedora-gcc