Last updated on 2025-01-25 19:49:01 CET.
Flavor | Version | Tinstall | Tcheck | Ttotal | Status | Flags |
---|---|---|---|---|---|---|
r-devel-linux-x86_64-debian-clang | 1.3.0 | 10.29 | 100.01 | 110.30 | OK | |
r-devel-linux-x86_64-debian-gcc | 1.3.0 | 6.73 | 70.75 | 77.48 | OK | |
r-devel-linux-x86_64-fedora-clang | 1.3.0 | 178.57 | OK | |||
r-devel-linux-x86_64-fedora-gcc | 1.3.0 | 165.74 | OK | |||
r-devel-windows-x86_64 | 1.3.0 | 12.00 | 107.00 | 119.00 | OK | |
r-patched-linux-x86_64 | 1.3.0 | 9.72 | 93.44 | 103.16 | NOTE | |
r-release-linux-x86_64 | 1.3.0 | 8.88 | 92.02 | 100.90 | NOTE | |
r-release-macos-arm64 | 1.3.0 | 53.00 | NOTE | |||
r-release-macos-x86_64 | 1.3.0 | 78.00 | NOTE | |||
r-release-windows-x86_64 | 1.3.0 | 10.00 | 105.00 | 115.00 | NOTE | |
r-oldrel-macos-arm64 | 1.3.0 | 52.00 | NOTE | |||
r-oldrel-macos-x86_64 | 1.3.0 | 88.00 | NOTE | |||
r-oldrel-windows-x86_64 | 1.3.0 | 15.00 | 131.00 | 146.00 | NOTE |
Version: 1.3.0
Check: LazyData
Result: NOTE
'LazyData' is specified without a 'data' directory
Flavors: r-patched-linux-x86_64, r-release-linux-x86_64, r-release-macos-arm64, r-release-macos-x86_64, r-release-windows-x86_64, r-oldrel-macos-arm64, r-oldrel-macos-x86_64, r-oldrel-windows-x86_64