CRAN Package Check Results for Package triplot

Last updated on 2021-12-01 19:51:52 CET.

Flavor Version Tinstall Tcheck Ttotal Status Flags
r-devel-linux-x86_64-debian-clang 1.3.0 9.03 115.95 124.98 NOTE
r-devel-linux-x86_64-debian-gcc 1.3.0 7.45 87.56 95.01 NOTE
r-devel-linux-x86_64-fedora-clang 1.3.0 166.29 NOTE
r-devel-linux-x86_64-fedora-gcc 1.3.0 150.24 NOTE
r-devel-windows-x86_64-new-UL 1.3.0 23.00 174.00 197.00 NOTE
r-devel-windows-x86_64-new-TK 1.3.0 NOTE
r-devel-windows-x86_64-old 1.3.0 17.00 110.00 127.00 NOTE
r-patched-linux-x86_64 1.3.0 10.27 105.30 115.57 NOTE
r-patched-solaris-x86 1.3.0 192.60 NOTE
r-release-linux-x86_64 1.3.0 7.79 105.14 112.93 NOTE
r-release-macos-arm64 1.3.0 NOTE
r-release-macos-x86_64 1.3.0 NOTE
r-release-windows-ix86+x86_64 1.3.0 24.00 93.00 117.00 NOTE
r-oldrel-macos-x86_64 1.3.0 OK
r-oldrel-windows-ix86+x86_64 1.3.0 20.00 95.00 115.00 OK

Check Details

Version: 1.3.0
Check: LazyData
Result: NOTE
     'LazyData' is specified without a 'data' directory
Flavors: r-devel-linux-x86_64-debian-clang, r-devel-linux-x86_64-debian-gcc, r-devel-linux-x86_64-fedora-clang, r-devel-linux-x86_64-fedora-gcc, r-devel-windows-x86_64-new-UL, r-devel-windows-x86_64-new-TK, r-devel-windows-x86_64-old, r-patched-linux-x86_64, r-patched-solaris-x86, r-release-linux-x86_64, r-release-macos-arm64, r-release-macos-x86_64, r-release-windows-ix86+x86_64