CRAN Package Check Results for Package trustOptim

Last updated on 2021-05-17 21:49:55 CEST.

Flavor Version Tinstall Tcheck Ttotal Status Flags
r-devel-linux-x86_64-debian-clang 0.8.6.2 44.05 87.64 131.69 OK
r-devel-linux-x86_64-debian-gcc 0.8.6.2 34.99 65.94 100.93 OK
r-devel-linux-x86_64-fedora-clang 0.8.6.2 176.56 NOTE
r-devel-linux-x86_64-fedora-gcc 0.8.6.2 168.82 OK
r-devel-windows-ix86+x86_64 0.8.6.2 102.00 155.00 257.00 OK
r-devel-windows-x86_64-gcc10-UCRT 0.8.6.2 OK
r-patched-linux-x86_64 0.8.6.2 43.21 82.99 126.20 OK
r-patched-solaris-x86 0.8.6.2 191.80 ERROR
r-release-linux-x86_64 0.8.6.2 43.71 81.52 125.23 OK
r-release-macos-x86_64 0.8.6.2 NOTE
r-release-windows-ix86+x86_64 0.8.6.2 74.00 115.00 189.00 OK
r-oldrel-macos-x86_64 0.8.6.2 NOTE
r-oldrel-windows-ix86+x86_64 0.8.6.2 73.00 135.00 208.00 OK

Check Details

Version: 0.8.6.2
Check: installed package size
Result: NOTE
     installed size is 7.8Mb
     sub-directories of 1Mb or more:
     libs 7.4Mb
Flavors: r-devel-linux-x86_64-fedora-clang, r-release-macos-x86_64, r-oldrel-macos-x86_64

Version: 0.8.6.2
Check: tests
Result: ERROR
     Running ‘testthat.R’
    Running the tests in ‘tests/testthat.R’ failed.
    Complete output:
     > library(testthat)
     > library(trustOptim)
     >
     > test_check("trustOptim")
     Beginning optimization
    
     Iteration has terminated
    
     iter f nrm_gr status
     50 0.000000 0.000000 Success
    
     Beginning optimization
    
     Iteration has terminated
    
     iter f nrm_gr status
     128 0.000000 0.000000 Success
    
     Beginning optimization
    
     Iteration has terminated
    
     iter f nrm_gr status
     287 0.000000 0.000000Radius of trust region is less than stop.trust.radius
    
     Beginning optimization
    
     Iteration has terminated
    
     iter f nrm_gr status
     65 0.000000 0.000000 Success
    
     ══ Failed tests ════════════════════════════════════════════════════════════════
     ── Failure (test_rosenbrock.R:67:9): Rosenbrock ────────────────────────────────
     opt0\$status does not match "Success".
     Actual value: "Radius of trust region is less than stop\.trust\.radius"
    
     [ FAIL 1 | WARN 0 | SKIP 0 | PASS 15 ]
     Error: Test failures
     Execution halted
Flavor: r-patched-solaris-x86