CRAN Package Check Results for Package tsDyn

Last updated on 2017-04-24 21:48:28.

Flavor Version Tinstall Tcheck Ttotal Status Flags
r-devel-linux-x86_64-debian-clang 0.9-44 5.24 315.30 320.54 NOTE
r-devel-linux-x86_64-debian-gcc 0.9-44 4.74 154.21 158.95 NOTE
r-devel-linux-x86_64-fedora-clang 0.9-44 357.95 NOTE --no-stop-on-test-error
r-devel-linux-x86_64-fedora-gcc 0.9-44 329.77 NOTE --no-stop-on-test-error
r-devel-windows-ix86+x86_64 0.9-44 OK
r-patched-linux-x86_64 0.9-44 4.72 157.15 161.86 NOTE
r-patched-solaris-sparc 0.9-44 1954.60 OK
r-patched-solaris-x86 0.9-44 394.80 OK
r-release-linux-x86_64 0.9-44 5.17 153.31 158.48 NOTE
r-release-windows-ix86+x86_64 0.9-44 19.00 381.00 400.00 OK
r-release-osx-x86_64 0.9-44 OK
r-oldrel-windows-ix86+x86_64 0.9-44 18.00 304.00 322.00 OK
r-oldrel-osx-x86_64 0.9-44 NOTE

Check Details

Version: 0.9-44
Check: compiled code
Result: NOTE
    File ‘tsDyn/libs/tsDyn.so’:
     Found no calls to: ‘R_registerRoutines’, ‘R_useDynamicSymbols’
    
    It is good practice to register native routines and to disable symbol
    search.
    
    See ‘Writing portable packages’ in the ‘Writing R Extensions’ manual.
Flavors: r-devel-linux-x86_64-debian-clang, r-devel-linux-x86_64-debian-gcc, r-patched-linux-x86_64, r-release-linux-x86_64

Version: 0.9-44
Flags: --no-stop-on-test-error
Check: compiled code
Result: NOTE
    File ‘tsDyn/libs/tsDyn.so’:
     Found no calls to: ‘R_registerRoutines’, ‘R_useDynamicSymbols’
    
    It is good practice to register native routines and to disable symbol
    search.
    
    See ‘Writing portable packages’ in the ‘Writing R Extensions’ manual.
Flavors: r-devel-linux-x86_64-fedora-clang, r-devel-linux-x86_64-fedora-gcc

Version: 0.9-44
Check: dependencies in R code
Result: NOTE
    Invalid MIT-MAGIC-COOKIE-1 key
Flavor: r-oldrel-osx-x86_64