CRAN Package Check Results for Package tsDyn

Last updated on 2016-12-10 18:49:58.

Flavor Version Tinstall Tcheck Ttotal Status Flags
r-devel-linux-x86_64-debian-clang 0.9-44 5.05 163.95 169.00 OK
r-devel-linux-x86_64-debian-gcc 0.9-44 5.00 158.94 163.94 OK
r-devel-linux-x86_64-fedora-clang 0.9-44 342.48 OK --no-stop-on-test-error
r-devel-linux-x86_64-fedora-gcc 0.9-44 326.43 OK --no-stop-on-test-error
r-devel-macos-x86_64-clang 0.9-44 235.65 OK --no-stop-on-test-error
r-devel-windows-ix86+x86_64 0.9-44 18.00 478.00 496.00 OK
r-patched-linux-x86_64 0.9-44 4.74 137.51 142.25 OK
r-patched-solaris-sparc 0.9-44 1706.20 OK
r-patched-solaris-x86 0.9-44 332.60 OK
r-release-linux-x86_64 0.9-44 4.67 138.18 142.85 OK
r-release-osx-x86_64-mavericks 0.9-44 NOTE
r-release-windows-ix86+x86_64 0.9-44 21.00 306.00 327.00 OK
r-oldrel-windows-ix86+x86_64 0.9-44 27.00 320.00 347.00 OK

Check Details

Version: 0.9-44
Check: dependencies in R code
Result: NOTE
    Invalid MIT-MAGIC-COOKIE-1 key
Flavor: r-release-osx-x86_64-mavericks