CRAN Package Check Results for Package tsdf

Last updated on 2021-11-29 19:51:48 CET.

Flavor Version Tinstall Tcheck Ttotal Status Flags
r-devel-linux-x86_64-debian-clang 1.1-8 3.31 39.42 42.73 NOTE
r-devel-linux-x86_64-debian-gcc 1.1-8 2.85 29.12 31.97 NOTE
r-devel-linux-x86_64-fedora-clang 1.1-8 65.42 NOTE
r-devel-linux-x86_64-fedora-gcc 1.1-8 52.64 NOTE
r-devel-windows-x86_64-new-UL 1.1-8 10.00 74.00 84.00 NOTE
r-devel-windows-x86_64-new-TK 1.1-8 NOTE
r-devel-windows-x86_64-old 1.1-8 6.00 46.00 52.00 NOTE
r-patched-linux-x86_64 1.1-8 3.33 32.32 35.65 NOTE
r-patched-solaris-x86 1.1-8 62.30 NOTE
r-release-linux-x86_64 1.1-8 3.30 32.30 35.60 NOTE
r-release-macos-arm64 1.1-8 NOTE
r-release-macos-x86_64 1.1-8 NOTE
r-release-windows-ix86+x86_64 1.1-8 8.00 36.00 44.00 NOTE
r-oldrel-macos-x86_64 1.1-8 OK
r-oldrel-windows-ix86+x86_64 1.1-8 7.00 51.00 58.00 OK

Check Details

Version: 1.1-8
Check: LazyData
Result: NOTE
     'LazyData' is specified without a 'data' directory
Flavors: r-devel-linux-x86_64-debian-clang, r-devel-linux-x86_64-debian-gcc, r-devel-linux-x86_64-fedora-clang, r-devel-linux-x86_64-fedora-gcc, r-devel-windows-x86_64-new-UL, r-devel-windows-x86_64-new-TK, r-devel-windows-x86_64-old, r-patched-linux-x86_64, r-patched-solaris-x86, r-release-linux-x86_64, r-release-macos-arm64, r-release-macos-x86_64, r-release-windows-ix86+x86_64