Last updated on 2021-03-03 19:48:21 CET.
Flavor | Version | Tinstall | Tcheck | Ttotal | Status | Flags |
---|---|---|---|---|---|---|
r-devel-linux-x86_64-debian-clang | 1.6 | 19.65 | 183.30 | 202.95 | OK | |
r-devel-linux-x86_64-debian-gcc | 1.6 | 19.11 | 140.60 | 159.71 | OK | |
r-devel-linux-x86_64-fedora-clang | 1.6 | 255.64 | OK | |||
r-devel-linux-x86_64-fedora-gcc | 1.6 | 241.77 | OK | |||
r-devel-windows-ix86+x86_64 | 1.6 | 51.00 | 191.00 | 242.00 | OK | |
r-patched-linux-x86_64 | 1.6 | 18.27 | 170.16 | 188.43 | OK | |
r-patched-solaris-x86 | 1.6 | 344.50 | OK | |||
r-release-linux-x86_64 | 1.6 | 19.55 | 170.58 | 190.13 | OK | |
r-release-macos-x86_64 | 1.6 | OK | ||||
r-release-windows-ix86+x86_64 | 1.6 | 53.00 | 176.00 | 229.00 | OK | |
r-oldrel-macos-x86_64 | 1.6 | WARN | ||||
r-oldrel-windows-ix86+x86_64 | 1.6 | 55.00 | 192.00 | 247.00 | OK |
Version: 1.6
Check: whether package can be installed
Result: WARN
Found the following significant warnings:
Warning: package ‘BiocParallel’ was built under R version 3.6.1
Flavor: r-oldrel-macos-x86_64