CRAN Package Check Results for Package tuber

Last updated on 2023-02-03 19:52:23 CET.

Flavor Version Tinstall Tcheck Ttotal Status Flags
r-devel-linux-x86_64-debian-clang 0.9.9 6.18 61.38 67.56 NOTE
r-devel-linux-x86_64-debian-gcc 0.9.9 5.72 47.24 52.96 NOTE
r-devel-linux-x86_64-fedora-clang 0.9.9 89.74 NOTE
r-devel-linux-x86_64-fedora-gcc 0.9.9 104.60 NOTE
r-patched-linux-x86_64 0.9.9 12.18 57.29 69.47 NOTE
r-release-linux-x86_64 0.9.9 5.04 57.53 62.57 NOTE
r-release-macos-arm64 0.9.9 28.00 NOTE
r-release-macos-x86_64 0.9.9 55.00 NOTE
r-release-windows-x86_64 0.9.9 25.00 114.00 139.00 NOTE
r-oldrel-macos-arm64 0.9.9 32.00 NOTE
r-oldrel-macos-x86_64 0.9.9 42.00 NOTE
r-oldrel-windows-ix86+x86_64 0.9.9 16.00 88.00 104.00 NOTE

Check Details

Version: 0.9.9
Check: LazyData
Result: NOTE
     'LazyData' is specified without a 'data' directory
Flavors: r-devel-linux-x86_64-debian-clang, r-devel-linux-x86_64-debian-gcc, r-devel-linux-x86_64-fedora-clang, r-devel-linux-x86_64-fedora-gcc, r-patched-linux-x86_64, r-release-linux-x86_64, r-release-macos-arm64, r-release-macos-x86_64, r-release-windows-x86_64, r-oldrel-macos-arm64, r-oldrel-macos-x86_64, r-oldrel-windows-ix86+x86_64