CRAN Package Check Results for Package tuber

Last updated on 2024-03-03 19:56:38 CET.

Flavor Version Tinstall Tcheck Ttotal Status Flags
r-devel-linux-x86_64-debian-clang 0.9.9 7.14 64.17 71.31 NOTE
r-devel-linux-x86_64-debian-gcc 0.9.9 4.81 48.78 53.59 NOTE
r-devel-linux-x86_64-fedora-clang 0.9.9 88.89 NOTE
r-devel-linux-x86_64-fedora-gcc 0.9.9 95.44 NOTE
r-devel-windows-x86_64 0.9.9 9.00 82.00 91.00 NOTE
r-patched-linux-x86_64 0.9.9 11.93 60.39 72.32 NOTE
r-release-linux-x86_64 0.9.9 6.77 61.11 67.88 NOTE
r-release-macos-arm64 0.9.9 37.00 NOTE
r-release-macos-x86_64 0.9.9 54.00 NOTE
r-release-windows-x86_64 0.9.9 11.00 87.00 98.00 NOTE
r-oldrel-macos-arm64 0.9.9 28.00 NOTE
r-oldrel-windows-x86_64 0.9.9 9.00 86.00 95.00 NOTE

Check Details

Version: 0.9.9
Check: LazyData
Result: NOTE 'LazyData' is specified without a 'data' directory Flavors: r-devel-linux-x86_64-debian-clang, r-devel-linux-x86_64-debian-gcc, r-devel-linux-x86_64-fedora-clang, r-devel-linux-x86_64-fedora-gcc, r-devel-windows-x86_64, r-patched-linux-x86_64, r-release-linux-x86_64, r-release-macos-arm64, r-release-macos-x86_64, r-release-windows-x86_64, r-oldrel-macos-arm64, r-oldrel-windows-x86_64