CRAN Package Check Results for Package tubern

Last updated on 2023-01-26 19:49:42 CET.

Flavor Version Tinstall Tcheck Ttotal Status Flags
r-devel-linux-x86_64-debian-clang 0.1.0 2.16 30.53 32.69 NOTE
r-devel-linux-x86_64-debian-gcc 0.1.0 1.67 24.02 25.69 NOTE
r-devel-linux-x86_64-fedora-clang 0.1.0 41.79 NOTE
r-devel-linux-x86_64-fedora-gcc 0.1.0 54.07 NOTE
r-patched-linux-x86_64 0.1.0 5.87 29.90 35.77 NOTE
r-release-linux-x86_64 0.1.0 2.19 29.92 32.11 NOTE
r-release-macos-arm64 0.1.0 20.00 NOTE
r-release-macos-x86_64 0.1.0 28.00 NOTE
r-release-windows-x86_64 0.1.0 13.00 69.00 82.00 NOTE
r-oldrel-macos-arm64 0.1.0 24.00 NOTE
r-oldrel-macos-x86_64 0.1.0 34.00 NOTE
r-oldrel-windows-ix86+x86_64 0.1.0 6.00 57.00 63.00 NOTE

Check Details

Version: 0.1.0
Check: LazyData
Result: NOTE
     'LazyData' is specified without a 'data' directory
Flavors: r-devel-linux-x86_64-debian-clang, r-devel-linux-x86_64-debian-gcc, r-devel-linux-x86_64-fedora-clang, r-devel-linux-x86_64-fedora-gcc, r-patched-linux-x86_64, r-release-linux-x86_64, r-release-macos-arm64, r-release-macos-x86_64, r-release-windows-x86_64, r-oldrel-macos-arm64, r-oldrel-macos-x86_64, r-oldrel-windows-ix86+x86_64