Last updated on 2023-01-26 19:49:42 CET.
Flavor | Version | Tinstall | Tcheck | Ttotal | Status | Flags |
---|---|---|---|---|---|---|
r-devel-linux-x86_64-debian-clang | 1.2.1 | 2.88 | 36.94 | 39.82 | NOTE | |
r-devel-linux-x86_64-debian-gcc | 1.2.1 | 2.53 | 29.25 | 31.78 | NOTE | |
r-devel-linux-x86_64-fedora-clang | 1.2.1 | 50.40 | NOTE | |||
r-devel-linux-x86_64-fedora-gcc | 1.2.1 | 63.47 | NOTE | |||
r-patched-linux-x86_64 | 1.2.1 | 3.34 | 37.28 | 40.62 | NOTE | |
r-release-linux-x86_64 | 1.2.1 | 2.50 | 38.10 | 40.60 | NOTE | |
r-release-macos-arm64 | 1.2.1 | 20.00 | NOTE | |||
r-release-macos-x86_64 | 1.2.1 | 32.00 | NOTE | |||
r-release-windows-x86_64 | 1.2.1 | 17.00 | 70.00 | 87.00 | NOTE | |
r-oldrel-macos-arm64 | 1.2.1 | 25.00 | NOTE | |||
r-oldrel-macos-x86_64 | 1.2.1 | 35.00 | NOTE | |||
r-oldrel-windows-ix86+x86_64 | 1.2.1 | 8.00 | 63.00 | 71.00 | NOTE |
Version: 1.2.1
Check: DESCRIPTION meta-information
Result: NOTE
Malformed Description field: should contain one or more complete sentences.
Flavors: r-devel-linux-x86_64-debian-clang, r-devel-linux-x86_64-debian-gcc, r-devel-linux-x86_64-fedora-clang, r-devel-linux-x86_64-fedora-gcc, r-patched-linux-x86_64, r-release-linux-x86_64, r-release-macos-arm64, r-release-macos-x86_64, r-release-windows-x86_64, r-oldrel-macos-arm64, r-oldrel-macos-x86_64, r-oldrel-windows-ix86+x86_64