CRAN Package Check Results for Package tuneR

Last updated on 2022-01-28 19:51:14 CET.

Flavor Version Tinstall Tcheck Ttotal Status Flags
r-devel-linux-x86_64-debian-clang 1.3.3.1 16.59 69.04 85.63 OK
r-devel-linux-x86_64-debian-gcc 1.3.3.1 11.47 53.80 65.27 OK
r-devel-linux-x86_64-fedora-clang 1.3.3.1 102.83 OK
r-devel-linux-x86_64-fedora-gcc 1.3.3.1 91.28 OK
r-devel-windows-x86_64-new-UL 1.3.3.1 104.00 103.00 207.00 OK
r-devel-windows-x86_64-new-TK 1.3.3.1 OK
r-patched-linux-x86_64 1.3.3.1 15.61 65.06 80.67 OK
r-release-linux-x86_64 1.3.3.1 12.19 64.90 77.09 OK
r-release-macos-arm64 1.3.3.1 OK
r-release-macos-x86_64 1.3.3.1 WARN
r-release-windows-ix86+x86_64 1.3.3.1 38.00 101.00 139.00 OK
r-oldrel-macos-x86_64 1.3.3.1 WARN
r-oldrel-windows-ix86+x86_64 1.3.3.1 38.00 96.00 134.00 OK

Additional issues

clang-UBSAN

Check Details

Version: 1.3.3.1
Check: whether package can be installed
Result: WARN
    Found the following significant warnings:
     frame.c:147:21: warning: result of comparison of constant 4 with expression of type 'enum mad_layer' is always false [-Wtautological-constant-out-of-range-compare]
Flavors: r-release-macos-x86_64, r-oldrel-macos-x86_64