CRAN Package Check Results for Package tutorial

Last updated on 2022-05-24 21:51:56 CEST.

Flavor Version Tinstall Tcheck Ttotal Status Flags
r-devel-linux-x86_64-debian-clang 0.4.3 2.02 42.95 44.97 NOTE
r-devel-linux-x86_64-debian-gcc 0.4.3 1.67 33.30 34.97 NOTE
r-devel-linux-x86_64-fedora-clang 0.4.3 55.28 NOTE
r-devel-linux-x86_64-fedora-gcc 0.4.3 43.65 NOTE
r-devel-windows-x86_64 0.4.3 14.00 75.00 89.00 NOTE
r-patched-linux-x86_64 0.4.3 1.55 41.77 43.32 NOTE
r-release-linux-x86_64 0.4.3 NOTE
r-release-macos-arm64 0.4.3 25.00 NOTE
r-release-macos-x86_64 0.4.3 31.00 NOTE
r-release-windows-x86_64 0.4.3 21.00 72.00 93.00 NOTE
r-oldrel-macos-arm64 0.4.3 23.00 NOTE
r-oldrel-macos-x86_64 0.4.3 30.00 NOTE
r-oldrel-windows-ix86+x86_64 0.4.3 7.00 70.00 77.00 NOTE

Additional issues

ATLAS

Check Details

Version: 0.4.3
Check: LazyData
Result: NOTE
     'LazyData' is specified without a 'data' directory
Flavors: r-devel-linux-x86_64-debian-clang, r-devel-linux-x86_64-debian-gcc, r-devel-linux-x86_64-fedora-clang, r-devel-linux-x86_64-fedora-gcc, r-devel-windows-x86_64, r-patched-linux-x86_64, r-release-linux-x86_64, r-release-macos-arm64, r-release-macos-x86_64, r-release-windows-x86_64, r-oldrel-macos-arm64, r-oldrel-macos-x86_64, r-oldrel-windows-ix86+x86_64