CRAN Package Check Results for Package tvgarch

Last updated on 2024-03-03 19:56:38 CET.

Flavor Version Tinstall Tcheck Ttotal Status Flags
r-devel-linux-x86_64-debian-clang 2.4.1 6.90 81.28 88.18 NOTE
r-devel-linux-x86_64-debian-gcc 2.4.1 6.21 60.59 66.80 NOTE
r-devel-linux-x86_64-fedora-clang 2.4.1 107.55 NOTE
r-devel-linux-x86_64-fedora-gcc 2.4.1 106.08 NOTE
r-devel-windows-x86_64 2.4.1 7.00 95.00 102.00 OK
r-patched-linux-x86_64 2.4.1 8.38 78.93 87.31 OK
r-release-linux-x86_64 2.4.1 8.09 81.70 89.79 OK
r-release-macos-arm64 2.4.1 37.00 OK
r-release-macos-x86_64 2.4.1 94.00 OK
r-release-windows-x86_64 2.4.1 9.00 96.00 105.00 OK
r-oldrel-macos-arm64 2.4.1 38.00 OK
r-oldrel-windows-x86_64 2.4.1 10.00 97.00 107.00 OK

Check Details

Version: 2.4.1
Check: Rd files
Result: NOTE checkRd: (-1) coef.mtvgarch.Rd:84: Lost braces 84 | Cristina Amado and Timo Ter{\"a}svirta (2013) Modelling volatility by variance | ^ checkRd: (-1) coef.mtvgarch.Rd:86: Lost braces 86 | Christian Francq and Jean-Michel Zako{\"i}an (2016) Estimating multivariate | ^ checkRd: (-1) coef.tvgarch.Rd:85: Lost braces 85 | Cristina Amado and Timo Ter{\"a}svirta (2013) Modelling volatility by variance | ^ checkRd: (-1) coef.tvgarch.Rd:87: Lost braces 87 | Cristina Amado and Timo Ter{\"a}svirta (2014) Modelling changes in the | ^ checkRd: (-1) coef.tvgarchTest.Rd:79: Lost braces 79 | Cristina Amado and Timo Ter{\"a}svirta (2013) Modelling volatility by variance | ^ checkRd: (-1) coef.tvgarchTest.Rd:81: Lost braces 81 | Cristina Amado and Timo Ter{\"a}svirta (2014) Modelling changes in the | ^ checkRd: (-1) mtvgarch.Rd:81: Lost braces 81 | Cristina Amado and Timo Ter{\"a}svirta (2013) Modelling volatility by variance | ^ checkRd: (-1) mtvgarch.Rd:83: Lost braces 83 | Christian Francq and Jean-Michel Zako{\"i}an (2016) Estimating multivariate | ^ checkRd: (-1) tvgarch-package.Rd:13: Lost braces 13 | Ter{\"a}svirta (2013) <doi:10.1016/j.jeconom.2013.03.006>, introduces | ^ checkRd: (-1) tvgarch.Rd:80: Lost braces 80 | Cristina Amado and Timo Ter{\"a}svirta (2013) Modelling volatility by variance | ^ checkRd: (-1) tvgarch.Rd:82: Lost braces 82 | Cristina Amado and Timo Ter{\"a}svirta (2014) Modelling changes in the | ^ checkRd: (-1) tvgarchTest.Rd:29: Lost braces 29 | \references{Cristina Amado and Timo Ter{\"a}svirta (2017) Specification and | ^ Flavors: r-devel-linux-x86_64-debian-clang, r-devel-linux-x86_64-debian-gcc, r-devel-linux-x86_64-fedora-clang, r-devel-linux-x86_64-fedora-gcc