CRAN Package Check Results for Package tweenr

Last updated on 2024-03-04 19:54:28 CET.

Flavor Version Tinstall Tcheck Ttotal Status Flags
r-devel-linux-x86_64-debian-clang 2.0.2 32.33 48.82 81.15 NOTE
r-devel-linux-x86_64-debian-gcc 2.0.3 36.09 36.66 72.75 OK
r-devel-linux-x86_64-fedora-clang 2.0.3 122.70 OK
r-devel-linux-x86_64-fedora-gcc 2.0.3 127.42 OK
r-devel-windows-x86_64 2.0.3 40.00 72.00 112.00 OK
r-patched-linux-x86_64 2.0.3 47.02 48.53 95.55 OK
r-release-linux-x86_64 2.0.3 43.25 47.73 90.98 OK
r-release-macos-arm64 2.0.3 37.00 OK
r-release-macos-x86_64 2.0.3 63.00 OK
r-release-windows-x86_64 2.0.3 45.00 79.00 124.00 OK
r-oldrel-macos-arm64 2.0.3 37.00 OK
r-oldrel-windows-x86_64 2.0.3 39.00 71.00 110.00 OK

Check Details

Version: 2.0.2
Check: C++ specification
Result: NOTE Specified C++11: please drop specification unless essential Flavor: r-devel-linux-x86_64-debian-clang