CRAN Package Check Results for Package ucminf

Last updated on 2024-06-21 21:52:15 CEST.

Flavor Version Tinstall Tcheck Ttotal Status Flags
r-devel-linux-x86_64-debian-clang 1.2.1 3.53 21.86 25.39 OK
r-devel-linux-x86_64-debian-gcc 1.2.1 2.21 17.30 19.51 WARN
r-devel-linux-x86_64-fedora-clang 1.2.1 33.02 WARN
r-devel-linux-x86_64-fedora-gcc 1.2.1 30.96 WARN
r-devel-windows-x86_64 1.2.1 6.00 41.00 47.00 WARN
r-patched-linux-x86_64 1.2.1 3.21 21.82 25.03 WARN
r-release-linux-x86_64 1.2.1 3.13 21.92 25.05 WARN
r-release-macos-arm64 1.2.1 16.00 OK
r-release-macos-x86_64 1.2.1 21.00 OK
r-release-windows-x86_64 1.2.1 7.00 40.00 47.00 OK
r-oldrel-macos-arm64 1.2.1 31.00 OK
r-oldrel-macos-x86_64 1.2.1 62.00 OK
r-oldrel-windows-x86_64 1.2.1 9.00 41.00 50.00 OK

Check Details

Version: 1.2.1
Check: whether package can be installed
Result: WARN Found the following significant warnings: Warning: Fortran 2018 deleted feature: DO termination statement which is not END DO or CONTINUE with label 10 at (1) Warning: Fortran 2018 deleted feature: DO termination statement which is not END DO or CONTINUE with label 20 at (1) See ‘/home/hornik/tmp/R.check/r-devel-gcc/Work/PKGS/ucminf.Rcheck/00install.out’ for details. * used C compiler: ‘gcc-13 (Debian 13.2.0-25) 13.2.0’ * used Fortran compiler: ‘GNU Fortran (Debian 13.2.0-25) 13.2.0’ Flavor: r-devel-linux-x86_64-debian-gcc

Version: 1.2.1
Check: whether package can be installed
Result: WARN Found the following significant warnings: ./fortran.f:75:13: portability: A DO loop should terminate with an END DO or CONTINUE ./fortran.f:104:11: portability: A DO loop should terminate with an END DO or CONTINUE ./fortran.f:402:9: portability: A DO loop should terminate with an END DO or CONTINUE ./fortran.f:404:9: portability: A DO loop should terminate with an END DO or CONTINUE See ‘/data/gannet/ripley/R/packages/tests-clang/ucminf.Rcheck/00install.out’ for details. * used C compiler: ‘clang version 18.1.6’ * used Fortran compiler: ‘flang-new version 18.1.6’ Flavor: r-devel-linux-x86_64-fedora-clang

Version: 1.2.1
Check: whether package can be installed
Result: WARN Found the following significant warnings: Warning: Fortran 2018 deleted feature: DO termination statement which is not END DO or CONTINUE with label 10 at (1) Warning: Fortran 2018 deleted feature: DO termination statement which is not END DO or CONTINUE with label 20 at (1) See ‘/data/gannet/ripley/R/packages/tests-devel/ucminf.Rcheck/00install.out’ for details. * used C compiler: ‘gcc-14 (GCC) 14.1.0’ * used Fortran compiler: ‘GNU Fortran (GCC) 14.1.0’ Flavor: r-devel-linux-x86_64-fedora-gcc

Version: 1.2.1
Check: whether package can be installed
Result: WARN Found the following significant warnings: Warning: Fortran 2018 deleted feature: DO termination statement which is not END DO or CONTINUE with label 10 at (1) Warning: Fortran 2018 deleted feature: DO termination statement which is not END DO or CONTINUE with label 20 at (1) See 'd:/Rcompile/CRANpkg/local/4.5/ucminf.Rcheck/00install.out' for details. * used C compiler: 'gcc.exe (GCC) 13.2.0' * used Fortran compiler: 'GNU Fortran (GCC) 13.2.0' Flavor: r-devel-windows-x86_64

Version: 1.2.1
Check: whether package can be installed
Result: WARN Found the following significant warnings: Warning: Fortran 2018 deleted feature: DO termination statement which is not END DO or CONTINUE with label 10 at (1) Warning: Fortran 2018 deleted feature: DO termination statement which is not END DO or CONTINUE with label 20 at (1) See ‘/home/hornik/tmp/R.check/r-patched-gcc/Work/PKGS/ucminf.Rcheck/00install.out’ for details. * used C compiler: ‘gcc-13 (Debian 13.2.0-25) 13.2.0’ * used Fortran compiler: ‘GNU Fortran (Debian 13.2.0-25) 13.2.0’ Flavor: r-patched-linux-x86_64

Version: 1.2.1
Check: whether package can be installed
Result: WARN Found the following significant warnings: Warning: Fortran 2018 deleted feature: DO termination statement which is not END DO or CONTINUE with label 10 at (1) Warning: Fortran 2018 deleted feature: DO termination statement which is not END DO or CONTINUE with label 20 at (1) See ‘/home/hornik/tmp/R.check/r-release-gcc/Work/PKGS/ucminf.Rcheck/00install.out’ for details. * used C compiler: ‘gcc-13 (Debian 13.2.0-25) 13.2.0’ * used Fortran compiler: ‘GNU Fortran (Debian 13.2.0-25) 13.2.0’ Flavor: r-release-linux-x86_64